{"id":5579,"date":"2020-06-22T20:38:59","date_gmt":"2020-06-22T20:38:59","guid":{"rendered":"https:\/\/sea-sa.com.mx\/site\/?post_type=product&#038;p=5579"},"modified":"2022-01-18T16:58:21","modified_gmt":"2022-01-18T16:58:21","slug":"careta-electronica-proteccion-uv-3m-soldadura","status":"publish","type":"product","link":"https:\/\/sea-sa.com.mx\/site\/producto\/careta-electronica-proteccion-uv-3m-soldadura\/","title":{"rendered":"3M Speedglass"},"content":{"rendered":"<p><strong>Descripci\u00f3n:<\/strong><\/p>\n<ul>\n<li>Posibilidad de bloquear cualquier tono, por ejemplo, en estado de luz 3 durante el esmerilado.<\/li>\n<li>Funci\u00f3n de retardo para establecer el tiempo de apertura de oscuro a claro.<\/li>\n<li>La sensibilidad de la detecci\u00f3n del arco el\u00e9ctrico puede ajustarse para una insuperable seguridad de conmutaci\u00f3n.<\/li>\n<li>C\u00f3modo modo de soldadura por puntos que ayuda a minimizar la fatiga visual durante aplicaciones prolongadas de soldadura por puntos.<\/li>\n<\/ul>\n<p><strong>Informaci\u00f3n t\u00e9cnica:<\/strong><\/p>\n<ul>\n<li>Gama de Tonos ADF: Shade 5,8, 9 &#8211; 13<\/li>\n<li>Light State: Shade 3<\/li>\n<li>Normas \/ Homologaciones: EN 379, EN166:BT, EN175:B<\/li>\n<li>N\u00famero de sensores: 3<\/li>\n<li>Proceso de Soldadura: Desbaste<\/li>\n<li>Switching Time: 40\u20131300 ms<\/li>\n<li>Switching Time (Light-Dark): 0.1 ms @ 73\u00b0F (23\u00b0C)<\/li>\n<li>Tipo de Bater\u00eda ADF: Lithium 3V + solar cell<\/li>\n<li>Tonos Oscuros Estatales ADF: Variable dark shade 5, 8, 9-13<\/li>\n<li>Protecci\u00f3n UV\/IR: Shade 13 (permanente)<\/li>\n<li>Vida de la Bater\u00eda: ADF arriba de 2,800 horas<\/li>\n<\/ul>\n","protected":false},"excerpt":{"rendered":"<p>Careta electr\u00f3nica <strong>Speedglass 9100<\/strong> de 3M ofrece un alto desempe\u00f1o \u00f3ptico superior, amplio campo de visi\u00f3n y protecci\u00f3n contra rayos UV e IR en todo momento, sombras 5, 8-13.sombras 5, 8-13. Sus ventanas laterales tienen una sombra 5 para visi\u00f3n perif\u00e9rica. Cuenta con una suspensi\u00f3n mejorada de gran confort. Cumple con la norma de resistencia mec\u00e1nica a part\u00edculas de alta velocidad EN 175 Clase B.<\/p>\n[fusion_button link=\"https:\/\/sea-sa.com.mx\/site\/contacto-empresa-soldadura-equipos-antorchas\/?interes=3M Speedglass 9100\" text_transform=\"\" title=\"Cont\u00e1ctanos para asesorarte\" target=\"_self\" link_attributes=\"\" alignment=\"center\" modal=\"\" hide_on_mobile=\"small-visibility,medium-visibility,large-visibility\" class=\"\" id=\"\" color=\"custom\" button_gradient_top_color=\"#ba0000\" button_gradient_bottom_color=\"#a50000\" button_gradient_top_color_hover=\"#a50000\" button_gradient_bottom_color_hover=\"#ba0000\" accent_color=\"#ffffff\" accent_hover_color=\"#eaeaea\" type=\"\" bevel_color=\"\" border_width=\"\" size=\"large\" stretch=\"default\" shape=\"pill\" icon=\"fa-info-circle fas\" icon_position=\"left\" icon_divider=\"yes\" animation_type=\"\" animation_direction=\"left\" animation_speed=\"0.3\" animation_offset=\"\"]SOLICITAR INFORMACI\u00d3N[\/fusion_button]\n","protected":false},"featured_media":5581,"template":"","meta":{"ngg_post_thumbnail":0},"product_brand":[],"product_cat":[58,56],"product_tag":[],"class_list":{"0":"post-5579","1":"product","2":"type-product","3":"status-publish","4":"has-post-thumbnail","6":"product_cat-accesorios-mexico-soldadura-industrial-antorchas","7":"product_cat-consumibles-accesorios-mexico-soldadura-industrial-antorchas","8":"product-grid-view","10":"first","11":"instock","12":"shipping-taxable","13":"product-type-simple"},"aioseo_notices":[],"_links":{"self":[{"href":"https:\/\/sea-sa.com.mx\/site\/wp-json\/wp\/v2\/product\/5579","targetHints":{"allow":["GET"]}}],"collection":[{"href":"https:\/\/sea-sa.com.mx\/site\/wp-json\/wp\/v2\/product"}],"about":[{"href":"https:\/\/sea-sa.com.mx\/site\/wp-json\/wp\/v2\/types\/product"}],"wp:featuredmedia":[{"embeddable":true,"href":"https:\/\/sea-sa.com.mx\/site\/wp-json\/wp\/v2\/media\/5581"}],"wp:attachment":[{"href":"https:\/\/sea-sa.com.mx\/site\/wp-json\/wp\/v2\/media?parent=5579"}],"wp:term":[{"taxonomy":"product_brand","embeddable":true,"href":"https:\/\/sea-sa.com.mx\/site\/wp-json\/wp\/v2\/product_brand?post=5579"},{"taxonomy":"product_cat","embeddable":true,"href":"https:\/\/sea-sa.com.mx\/site\/wp-json\/wp\/v2\/product_cat?post=5579"},{"taxonomy":"product_tag","embeddable":true,"href":"https:\/\/sea-sa.com.mx\/site\/wp-json\/wp\/v2\/product_tag?post=5579"}],"curies":[{"name":"wp","href":"https:\/\/api.w.org\/{rel}","templated":true}]}}