{"id":4522,"date":"2020-05-12T18:06:41","date_gmt":"2020-05-12T18:06:41","guid":{"rendered":"https:\/\/sea-sa.com.mx\/site\/?post_type=product&#038;p=4522"},"modified":"2023-02-13T15:49:03","modified_gmt":"2023-02-13T15:49:03","slug":"maquinas-soldaduras-mexico-ewm-tig-picotig200tg","status":"publish","type":"product","link":"https:\/\/sea-sa.com.mx\/site\/producto\/maquinas-soldaduras-mexico-ewm-tig-picotig200tg\/","title":{"rendered":"Picotig 200 puls TG"},"content":{"rendered":"<p><b>Soldadura TIG<\/b><\/p>\n<ul class=\"description_list\">\n<li class=\"knurps\">Encendido electr\u00f3nico HF<\/li>\n<li class=\"knurps\">Soldadura TIG Liftarc sin HF<\/li>\n<li class=\"knurps\">Pulsos MMA, pulsos TIG hasta 2 kHz<\/li>\n<li class=\"knurps\">Operaci\u00f3n de 2 tiempos \/ 4 tiempos<\/li>\n<li class=\"knurps\">Corriente secundaria reducida que puede activarse a trav\u00e9s del disparador de la antorcha<\/li>\n<li class=\"knurps\">Tiempo de subida y bajada ajustable<\/li>\n<li class=\"knurps\">Tiempo de pre-flujo y post-flujo de gas ajustable.<\/li>\n<\/ul>\n<p><b>Soldadura MMA<\/b><\/p>\n<ul class=\"description_list\">\n<li class=\"knurps\">Corriente de arranque en caliente ajustable y tiempo de arranque en caliente<\/li>\n<li class=\"knurps\">Arcforce ajustable<\/li>\n<li class=\"knurps\">Funci\u00f3n antistick<\/li>\n<\/ul>\n<p><b>Destacados<\/b><\/p>\n<ul class=\"description_list\">\n<li class=\"knurps\">Ahorro de energ\u00eda a trav\u00e9s de la alta eficiencia y la funci\u00f3n de espera<\/li>\n<li class=\"knurps\">Port\u00e1til, con bandolera<\/li>\n<li class=\"knurps\">Cable de alimentaci\u00f3n de 3,5 m con enchufe Schuko de 16 A<\/li>\n<li class=\"knurps\">Cable de alimentaci\u00f3n de 3,5 m con enchufe Schuko de 16 A<\/li>\n<\/ul>\n<p><strong>Datos t\u00e9cnicos:<\/strong><\/p>\n<ul>\n<li>Tensi\u00f3n de red: 1 x 230 V.<\/li>\n<li>Tolerancias de red: -40% a + 15%<\/li>\n<li>Rango de ajuste de corriente de soldadura: 5 A &#8211; 200 A<\/li>\n<li>Duty cycle 40 \u00b0C: 200 A &#8211; 25 % \/ 150 A &#8211; 60 % \/ 140 A &#8211; 100 %<\/li>\n<li>Potencia recomendada del generador: 8 kVA<\/li>\n<li>Peso: 9,8 kg<\/li>\n<\/ul>\n","protected":false},"excerpt":{"rendered":"<p>M\u00e1quina de soldadura EWM Group TIG DC L\u00ednea Picotig<\/p>\n<ul class=\"description_list\">\n<li class=\"first-item\" title=\"090-002058-00502\" data-id=\"40196\" data-acckind=\"000:weldingMachine\">M\u00e1quina de soldadura TIG DC, port\u00e1til, refrigerada por gas, descentralizada<\/li>\n<li title=\"394-512291-00600\" data-id=\"10167\" data-acckind=\"13562:Standardbrenner 5-polig\">Soplete TIG, refrigerado por gas, 4 m<\/li>\n<li title=\"092-000008-00000\" data-id=\"91635\" data-acckind=\"9559:Werkst\u00fcckleitungen\">Pieza de trabajo con abrazadera, 290 A, 60%, 35 mm\u00b2<\/li>\n<li title=\"394-002910-00015\" data-id=\"19707\" data-acckind=\"10530:Druckminderer\">Reductor de presi\u00f3n de botella con man\u00f3metro, 15 l<\/li>\n<li class=\"last-item\" title=\"094-000010-00001\" data-id=\"6105\" data-acckind=\"435:Allgemein\">Manguera de gas, 2 m.<\/li>\n<\/ul>\n[fusion_button link=\"https:\/\/sea-sa.com.mx\/site\/contacto-empresa-soldadura-equipos-antorchas\/?interes=Picotig 200 pulse TG\" text_transform=\"\" title=\"Cont\u00e1ctanos para asesorarte\" target=\"_self\" link_attributes=\"\" alignment=\"center\" modal=\"\" hide_on_mobile=\"small-visibility,medium-visibility,large-visibility\" class=\"\" id=\"\" color=\"custom\" button_gradient_top_color=\"#ba0000\" button_gradient_bottom_color=\"#a50000\" button_gradient_top_color_hover=\"#a50000\" button_gradient_bottom_color_hover=\"#ba0000\" accent_color=\"#ffffff\" accent_hover_color=\"#eaeaea\" type=\"\" bevel_color=\"\" border_width=\"\" size=\"large\" stretch=\"default\" shape=\"pill\" icon=\"fa-info-circle fas\" icon_position=\"left\" icon_divider=\"yes\" animation_type=\"\" animation_direction=\"left\" animation_speed=\"0.3\" animation_offset=\"\"]SOLICITAR INFORMACI\u00d3N[\/fusion_button]\n","protected":false},"featured_media":4518,"template":"","meta":{"ngg_post_thumbnail":0},"product_brand":[],"product_cat":[32,38,45,46],"product_tag":[],"class_list":{"0":"post-4522","1":"product","2":"type-product","3":"status-publish","4":"has-post-thumbnail","6":"product_cat-maquinas-soldadura-soldar-ewm-mexico","7":"product_cat-maquinas-soldadura-tig-dc","8":"product_cat-maquina-soldadura-ewm-group-tig-ac-dc-picotig-industrial","9":"product_cat-maquina-soldadura-ewm-group-tig-dc-picotig-industrial","10":"product-grid-view","12":"first","13":"instock","14":"shipping-taxable","15":"product-type-simple"},"aioseo_notices":[],"_links":{"self":[{"href":"https:\/\/sea-sa.com.mx\/site\/wp-json\/wp\/v2\/product\/4522","targetHints":{"allow":["GET"]}}],"collection":[{"href":"https:\/\/sea-sa.com.mx\/site\/wp-json\/wp\/v2\/product"}],"about":[{"href":"https:\/\/sea-sa.com.mx\/site\/wp-json\/wp\/v2\/types\/product"}],"wp:featuredmedia":[{"embeddable":true,"href":"https:\/\/sea-sa.com.mx\/site\/wp-json\/wp\/v2\/media\/4518"}],"wp:attachment":[{"href":"https:\/\/sea-sa.com.mx\/site\/wp-json\/wp\/v2\/media?parent=4522"}],"wp:term":[{"taxonomy":"product_brand","embeddable":true,"href":"https:\/\/sea-sa.com.mx\/site\/wp-json\/wp\/v2\/product_brand?post=4522"},{"taxonomy":"product_cat","embeddable":true,"href":"https:\/\/sea-sa.com.mx\/site\/wp-json\/wp\/v2\/product_cat?post=4522"},{"taxonomy":"product_tag","embeddable":true,"href":"https:\/\/sea-sa.com.mx\/site\/wp-json\/wp\/v2\/product_tag?post=4522"}],"curies":[{"name":"wp","href":"https:\/\/api.w.org\/{rel}","templated":true}]}}