{"id":2546,"date":"2020-03-03T18:54:27","date_gmt":"2020-03-03T18:54:27","guid":{"rendered":"https:\/\/sea-sa.com.mx\/website\/?post_type=product&#038;p=2546"},"modified":"2021-11-24T19:24:26","modified_gmt":"2021-11-24T19:24:26","slug":"soldadura-ezsystem-industrial-proarc-mexico-posicionadores","status":"publish","type":"product","link":"https:\/\/sea-sa.com.mx\/site\/producto\/soldadura-ezsystem-industrial-proarc-mexico-posicionadores\/","title":{"rendered":"Circumferential welding system E.Z.Arc"},"content":{"rendered":"<ul>\n<li>Estilo moderno y dise\u00f1o m\u00e1s compacto.<\/li>\n<li>Color acrom\u00e1tico de base blanca adecuado para cualquier marca de fuente de poder de soldadura<\/li>\n<li>Alta frecuencia protegida<\/li>\n<li>Tipo est\u00e1ndar \/ digital en 4 velocidades de rotaci\u00f3n disponibles<\/li>\n<li>Conformidad CE<\/li>\n<\/ul>\n<p><strong>Informaci\u00f3n t\u00e9cnica:<\/strong><\/p>\n<p><a href=\"https:\/\/sea-sa.com.mx\/site\/wp-content\/uploads\/2020\/03\/SEA_Posicionadores-para-soldadura_E.Z.-Arc-System_Modelos.pdf\">Descargar Folleto Posicionador Circumferential welding system E.Z.Arc<\/a><\/p>\n<p><a href=\"https:\/\/sea-sa.com.mx\/site\/wp-content\/uploads\/2020\/03\/SEA_Posicionadores-para-soldadura_E.Z.-Arc-System_Modelos.pdf\" target=\"_blank\" rel=\"noopener noreferrer\"><img loading=\"lazy\" decoding=\"async\" class=\"lazyload alignnone wp-image-2665\" src=\"https:\/\/sea-sa.com.mx\/site\/wp-content\/uploads\/2020\/03\/PDF_circumferential-system-ez.jpg\" data-orig-src=\"https:\/\/sea-sa.com.mx\/site\/wp-content\/uploads\/2020\/03\/PDF_circumferential-system-ez.jpg\" alt=\"\" width=\"177\" height=\"252\" srcset=\"data:image\/svg+xml,%3Csvg%20xmlns%3D%27http%3A%2F%2Fwww.w3.org%2F2000%2Fsvg%27%20width%3D%27177%27%20height%3D%27252%27%20viewBox%3D%270%200%20177%20252%27%3E%3Crect%20width%3D%27177%27%20height%3D%273252%27%20fill-opacity%3D%220%22%2F%3E%3C%2Fsvg%3E\" data-srcset=\"https:\/\/sea-sa.com.mx\/site\/wp-content\/uploads\/2020\/03\/PDF_circumferential-system-ez-200x285.jpg 200w, https:\/\/sea-sa.com.mx\/site\/wp-content\/uploads\/2020\/03\/PDF_circumferential-system-ez-400x569.jpg 400w, https:\/\/sea-sa.com.mx\/site\/wp-content\/uploads\/2020\/03\/PDF_circumferential-system-ez-500x711.jpg 500w, https:\/\/sea-sa.com.mx\/site\/wp-content\/uploads\/2020\/03\/PDF_circumferential-system-ez-600x854.jpg 600w, https:\/\/sea-sa.com.mx\/site\/wp-content\/uploads\/2020\/03\/PDF_circumferential-system-ez.jpg 634w\" data-sizes=\"auto\" data-orig-sizes=\"auto, (max-width: 177px) 100vw, 177px\" \/><\/a><\/p>\n","protected":false},"excerpt":{"rendered":"<p id=\"tw-target-text\" class=\"tw-data-text tw-text-large tw-ta\" dir=\"ltr\" data-placeholder=\"Traducci\u00f3n\"><span lang=\"es\">La nueva generaci\u00f3n de Sistema de soldadura circunferencial de arco E.Z. cuenta con la m\u00e1s amplia variedad de componentes, una soluci\u00f3n para crear tu sistema de soldadura autom\u00e1tica m\u00e1s f\u00e1cilmente y realizar una mejor calidad de soldadura.<\/span><\/p>\n[fusion_button link=\"https:\/\/sea-sa.com.mx\/site\/contacto-empresa-soldadura-equipos-antorchas\/?interes=Circumferential Welding System E.Z.\" text_transform=\"\" title=\"Cont\u00e1ctanos para asesorarte\" target=\"_self\" link_attributes=\"\" alignment=\"center\" modal=\"\" hide_on_mobile=\"small-visibility,medium-visibility,large-visibility\" class=\"\" id=\"\" color=\"custom\" button_gradient_top_color=\"#ba0000\" button_gradient_bottom_color=\"#a50000\" button_gradient_top_color_hover=\"#a50000\" button_gradient_bottom_color_hover=\"#ba0000\" accent_color=\"#ffffff\" accent_hover_color=\"#eaeaea\" type=\"\" bevel_color=\"\" border_width=\"\" size=\"large\" stretch=\"default\" shape=\"pill\" icon=\"fa-info-circle fas\" icon_position=\"left\" icon_divider=\"yes\" animation_type=\"\" animation_direction=\"left\" animation_speed=\"0.3\" animation_offset=\"\"]SOLICITAR INFORMACI\u00d3N[\/fusion_button]\n","protected":false},"featured_media":2547,"template":"","meta":{"ngg_post_thumbnail":0},"product_brand":[],"product_cat":[77,73],"product_tag":[81],"class_list":{"0":"post-2546","1":"product","2":"type-product","3":"status-publish","4":"has-post-thumbnail","6":"product_cat-posicionador-soldadura-proarc-circumferential-system-ez","7":"product_cat-novedades-equipos-soldadura-welding-news","8":"product_tag-proarc","9":"product-grid-view","11":"first","12":"instock","13":"shipping-taxable","14":"product-type-simple"},"aioseo_notices":[],"_links":{"self":[{"href":"https:\/\/sea-sa.com.mx\/site\/wp-json\/wp\/v2\/product\/2546","targetHints":{"allow":["GET"]}}],"collection":[{"href":"https:\/\/sea-sa.com.mx\/site\/wp-json\/wp\/v2\/product"}],"about":[{"href":"https:\/\/sea-sa.com.mx\/site\/wp-json\/wp\/v2\/types\/product"}],"wp:featuredmedia":[{"embeddable":true,"href":"https:\/\/sea-sa.com.mx\/site\/wp-json\/wp\/v2\/media\/2547"}],"wp:attachment":[{"href":"https:\/\/sea-sa.com.mx\/site\/wp-json\/wp\/v2\/media?parent=2546"}],"wp:term":[{"taxonomy":"product_brand","embeddable":true,"href":"https:\/\/sea-sa.com.mx\/site\/wp-json\/wp\/v2\/product_brand?post=2546"},{"taxonomy":"product_cat","embeddable":true,"href":"https:\/\/sea-sa.com.mx\/site\/wp-json\/wp\/v2\/product_cat?post=2546"},{"taxonomy":"product_tag","embeddable":true,"href":"https:\/\/sea-sa.com.mx\/site\/wp-json\/wp\/v2\/product_tag?post=2546"}],"curies":[{"name":"wp","href":"https:\/\/api.w.org\/{rel}","templated":true}]}}