{"id":2277,"date":"2020-02-18T17:50:29","date_gmt":"2020-02-18T17:50:29","guid":{"rendered":"https:\/\/sea-sa.com.mx\/website\/?post_type=product&#038;p=2277"},"modified":"2021-12-20T15:37:13","modified_gmt":"2021-12-20T15:37:13","slug":"maquinas-soldaduras-ewm-mig-phoenix355pulstdm","status":"publish","type":"product","link":"https:\/\/sea-sa.com.mx\/site\/producto\/maquinas-soldaduras-ewm-mig-phoenix355pulstdm\/","title":{"rendered":"Phoenix 355 Expert 2.0 puls MM TDM"},"content":{"rendered":"<ul>\n<li><span style=\"font-weight: 400;\">M\u00e1quina de soldadura de impulsos multiproceso MIG\/MAG con tecnolog\u00eda MULTIMATRIX, no compacta, port\u00e1til, modular.<\/span><\/li>\n<li><span style=\"font-weight: 400;\">M\u00f3dulo de refrigeraci\u00f3n con bomba centr\u00edfuga.<\/span><\/li>\n<li><span style=\"font-weight: 400;\">Travesa\u00f1o y acoplamiento para alimentador de hilo.<\/span><\/li>\n<li><span style=\"font-weight: 400;\">Alimentador de hilo, refrigeraci\u00f3n por agua, conexi\u00f3n central Euro, drive 4X HP.<\/span><\/li>\n<li><span style=\"font-weight: 400;\">Manguera de prolongaci\u00f3n, refrigeraci\u00f3n por agua, 7 polos, 1 m.<\/span><\/li>\n<li><span style=\"font-weight: 400;\">Antorcha MIG\/MAG, refrigeraci\u00f3n por agua, 4 m.<\/span><\/li>\n<li><span style=\"font-weight: 400;\">L\u00edquido refrigerante (-10 \u00b0C), 5 l.<\/span><\/li>\n<li><span style=\"font-weight: 400;\">Carro de transporte, montado.<\/span><\/li>\n<\/ul>\n<p><strong>Datos T\u00e9cnicos:<\/strong><\/p>\n<ul>\n<li>Voltajes principales (tolerancias): 3 x 400 V (-25 % &#8211; +20 %)<\/li>\n<li>Fusibles Principales: 3 x 20 A<\/li>\n<li>Rango de ajuste de corriente de soldadura: 5 A &#8211; 350 A<\/li>\n<li>Duty cycle 40 \u00b0C: 350 A &#8211; 80 % \/ 300 A &#8211; 100 %<\/li>\n<li>Velocidad del hilo: Velocidad del hilo m\/min, 0.5 m\/min &#8211; 25 m\/min<\/li>\n<li>Dimensiones del aparato: Largo x Ancho x Alto en mm: 152 x 686 x 976<\/li>\n<li>Dimensiones del alimentador de hilo: Largo x Ancho x Alto en mm: 660 x 280 x 380<\/li>\n<\/ul>\n","protected":false},"excerpt":{"rendered":"<p>M\u00e1quina de soldadura MIG Multiproceso EWM Group L\u00ednea Phoenix Puls Construcci\u00f3n modular<\/p>\n<p><strong>Equipos modulares:<\/strong>\u00a0Ya sea en\u00a0construcciones, montajes, talleres o lugares de producci\u00f3n con la\u00a0<strong>L\u00ednea Phoenix<\/strong> dispone del equipo adecuado para soldar en cada lugar y cada tarea. Ampliable en cualquier momento mediante m\u00f3dulos de refrigeraci\u00f3n y carro de transportaci\u00f3n, sin necesidad de herramientas ni personal especializado.<\/p>\n[fusion_button link=\"https:\/\/sea-sa.com.mx\/site\/contacto-empresa-soldadura-equipos-antorchas\/?interes=Phoenix 355 Expert 2.0 puls MM TDM\" text_transform=\"\" title=\"Cont\u00e1ctanos para asesorarte\" target=\"_self\" link_attributes=\"\" alignment=\"center\" modal=\"\" hide_on_mobile=\"small-visibility,medium-visibility,large-visibility\" class=\"\" id=\"\" color=\"custom\" button_gradient_top_color=\"#ba0000\" button_gradient_bottom_color=\"#a50000\" button_gradient_top_color_hover=\"#a50000\" button_gradient_bottom_color_hover=\"#ba0000\" accent_color=\"#ffffff\" accent_hover_color=\"#eaeaea\" type=\"\" bevel_color=\"\" border_width=\"\" size=\"large\" stretch=\"default\" shape=\"pill\" icon=\"fa-info-circle fas\" icon_position=\"left\" icon_divider=\"yes\" animation_type=\"\" animation_direction=\"left\" animation_speed=\"0.3\" animation_offset=\"\"]SOLICITAR INFORMACI\u00d3N[\/fusion_button]\n","protected":false},"featured_media":2341,"template":"","meta":{"ngg_post_thumbnail":0},"product_brand":[],"product_cat":[33,32,35,65],"product_tag":[],"class_list":{"0":"post-2277","1":"product","2":"type-product","3":"status-publish","4":"has-post-thumbnail","6":"product_cat-maquinas-soldadura-mig-mag-pulso-multiproceso","7":"product_cat-maquinas-soldadura-soldar-ewm-mexico","8":"product_cat-maquina-soldadura-ewm-group-mig-pulso-multiproceso-phoenix-q","9":"product_cat-maquinas-soldaduras-mig-linea-phoenix-expert","10":"product-grid-view","12":"first","13":"instock","14":"shipping-taxable","15":"product-type-simple"},"aioseo_notices":[],"_links":{"self":[{"href":"https:\/\/sea-sa.com.mx\/site\/wp-json\/wp\/v2\/product\/2277","targetHints":{"allow":["GET"]}}],"collection":[{"href":"https:\/\/sea-sa.com.mx\/site\/wp-json\/wp\/v2\/product"}],"about":[{"href":"https:\/\/sea-sa.com.mx\/site\/wp-json\/wp\/v2\/types\/product"}],"wp:featuredmedia":[{"embeddable":true,"href":"https:\/\/sea-sa.com.mx\/site\/wp-json\/wp\/v2\/media\/2341"}],"wp:attachment":[{"href":"https:\/\/sea-sa.com.mx\/site\/wp-json\/wp\/v2\/media?parent=2277"}],"wp:term":[{"taxonomy":"product_brand","embeddable":true,"href":"https:\/\/sea-sa.com.mx\/site\/wp-json\/wp\/v2\/product_brand?post=2277"},{"taxonomy":"product_cat","embeddable":true,"href":"https:\/\/sea-sa.com.mx\/site\/wp-json\/wp\/v2\/product_cat?post=2277"},{"taxonomy":"product_tag","embeddable":true,"href":"https:\/\/sea-sa.com.mx\/site\/wp-json\/wp\/v2\/product_tag?post=2277"}],"curies":[{"name":"wp","href":"https:\/\/api.w.org\/{rel}","templated":true}]}}