{"id":13547,"date":"2024-07-04T18:36:46","date_gmt":"2024-07-04T18:36:46","guid":{"rendered":"https:\/\/sea-sa.com.mx\/site\/?post_type=product&#038;p=13547"},"modified":"2024-07-08T17:59:33","modified_gmt":"2024-07-08T17:59:33","slug":"weldfil-compact-kemper-mexico","status":"publish","type":"product","link":"https:\/\/sea-sa.com.mx\/site\/producto\/weldfil-compact-kemper-mexico\/","title":{"rendered":"WeldFil Compact &#8211; Kemper"},"content":{"rendered":"<p><strong>APLICACIONES<\/strong><\/p>\n<ul>\n<li>Grandes cantidades de humo\/polvo<\/li>\n<li>Talleres y escuelas de soldadura<\/li>\n<li>Centros de formaci\u00f3n y de soldadura<\/li>\n<li>Sistemas de oxicorte, corte por plasma y por l\u00e1ser<\/li>\n<li>Posible instalaci\u00f3n en el exterior<\/li>\n<\/ul>\n<p><strong>VENTAJAS<\/strong><\/p>\n<ul>\n<li>Recolecci\u00f3n de polvo libre de contaminaci\u00f3n<\/li>\n<li>Funcionamiento continuo ininterrumpido gracias a la limpieza autom\u00e1tica del filtro accionada por presi\u00f3n diferencial<\/li>\n<li>Bajas emisiones de ruido<\/li>\n<li>Gran ahorro en los costes de energ\u00eda al utilizar el regulador de potencia, debido a la regulaci\u00f3n autom\u00e1tica de la potencia de aspiraci\u00f3n en funci\u00f3n de la necesidad<\/li>\n<li>C\u00f3modo manejo gracias al control inteligente a trav\u00e9s de la pantalla t\u00e1ctil con sistema de diagn\u00f3stico<\/li>\n<li>Integraci\u00f3n flexible del control en terceros sistemas como m\u00e1quinas de corte debido a los contactos sin tensi\u00f3n<\/li>\n<li>M\u00e1xima protecci\u00f3n de la salud para los operarios gracias al empleo de cartuchos de filtro KemTex\u00ae de ePTFE con filtrado de superficie<\/li>\n<\/ul>\n<p><strong>CARACTER\u00cdSTICAS<\/strong><\/p>\n<ul>\n<li>Limpieza autom\u00e1tica del filtro accionada por presi\u00f3n diferencial<\/li>\n<li>Control mediante pantalla t\u00e1ctil<\/li>\n<li>Con certificaci\u00f3n W3\/IFA<\/li>\n<li>Cartuchos de filtro KemTex\u00ae de ePTFE<\/li>\n<li>Colectores de polvo con dispositivo de elevaci\u00f3n de aire a presi\u00f3n<\/li>\n<li>Regulaci\u00f3n autom\u00e1tica del caudal volum\u00e9trico (opcional)<\/li>\n<\/ul>\n<p><strong>EQUIPAMIENTO ADICIONAL<\/strong><\/p>\n<ul>\n<li>Regulador de potencia<\/li>\n<li>Marcha\/paro externo<\/li>\n<li>Gesti\u00f3n de flotas, mantenimiento remoto y mantenimiento predictivo mediante redes de nube aut\u00e1rquicas a trav\u00e9s de telefon\u00eda m\u00f3vil<\/li>\n<li>Preseparador de chispas: SparkTrap<\/li>\n<li>Carcasa de protecci\u00f3n clim\u00e1tica para instalaciones al aire libre<\/li>\n<\/ul>\n","protected":false},"excerpt":{"rendered":"<p>La instalaci\u00f3n s\u00f3lida y al mismo tiempo compacta se adecua estupendamente a naves de producci\u00f3n y talleres de soldadura con grandes cantidades de humo y polvo. Listo para enchufar y equipado con cavidades para montacargas, as\u00ed como argollas de elevaci\u00f3n, el WeldFil Compact est\u00e1 instalado de forma continua como instalaci\u00f3n de aspiraci\u00f3n y filtrado central para varios lugares de trabajo de soldadura, m\u00e1quinas de corte o robots de soldadura. Los cartuchos de filtro KemTex\u00ae de membrana de ePTFE utilizados para polvo ultrafino absorben incluso part\u00edculas inferiores a 0,1 \u03bcm y gracias a la certificaci\u00f3n W3\/IFA, el WeldFil Compact tambi\u00e9n es apto para el uso en el mecanizado de acero al cromo-n\u00edquel.<\/p>\n[fusion_button link=\"https:\/\/sea-sa.com.mx\/site\/contacto-empresa-soldadura-equipos-antorchas\/?interes=WeldFil Kemper\" text_transform=\"\" title=\"Cont\u00e1ctanos para asesorarte\" target=\"_self\" link_attributes=\"\" alignment=\"center\" modal=\"\" hide_on_mobile=\"small-visibility,medium-visibility,large-visibility\" class=\"\" id=\"\" color=\"custom\" button_gradient_top_color=\"#ba0000\" button_gradient_bottom_color=\"#a50000\" button_gradient_top_color_hover=\"#a50000\" button_gradient_bottom_color_hover=\"#ba0000\" accent_color=\"#ffffff\" accent_hover_color=\"#eaeaea\" type=\"\" bevel_color=\"\" border_width=\"\" size=\"large\" stretch=\"default\" shape=\"pill\" icon=\"fa-info-circle fas\" icon_position=\"left\" icon_divider=\"yes\" animation_type=\"\" animation_direction=\"left\" animation_speed=\"0.3\" animation_offset=\"\"]SOLICITAR INFORMACI\u00d3N[\/fusion_button]\n<p>&nbsp;<\/p>\n","protected":false},"featured_media":13548,"template":"","meta":{"ngg_post_thumbnail":0},"product_brand":[],"product_cat":[55],"product_tag":[],"class_list":{"0":"post-13547","1":"product","2":"type-product","3":"status-publish","4":"has-post-thumbnail","6":"product_cat-unidad-movil-extractor-humo-mexico-soldadura-antorchas","7":"product-grid-view","9":"first","10":"instock","11":"shipping-taxable","12":"product-type-simple"},"aioseo_notices":[],"_links":{"self":[{"href":"https:\/\/sea-sa.com.mx\/site\/wp-json\/wp\/v2\/product\/13547","targetHints":{"allow":["GET"]}}],"collection":[{"href":"https:\/\/sea-sa.com.mx\/site\/wp-json\/wp\/v2\/product"}],"about":[{"href":"https:\/\/sea-sa.com.mx\/site\/wp-json\/wp\/v2\/types\/product"}],"wp:featuredmedia":[{"embeddable":true,"href":"https:\/\/sea-sa.com.mx\/site\/wp-json\/wp\/v2\/media\/13548"}],"wp:attachment":[{"href":"https:\/\/sea-sa.com.mx\/site\/wp-json\/wp\/v2\/media?parent=13547"}],"wp:term":[{"taxonomy":"product_brand","embeddable":true,"href":"https:\/\/sea-sa.com.mx\/site\/wp-json\/wp\/v2\/product_brand?post=13547"},{"taxonomy":"product_cat","embeddable":true,"href":"https:\/\/sea-sa.com.mx\/site\/wp-json\/wp\/v2\/product_cat?post=13547"},{"taxonomy":"product_tag","embeddable":true,"href":"https:\/\/sea-sa.com.mx\/site\/wp-json\/wp\/v2\/product_tag?post=13547"}],"curies":[{"name":"wp","href":"https:\/\/api.w.org\/{rel}","templated":true}]}}