{"id":767,"date":"2015-07-16T23:40:39","date_gmt":"2015-07-16T23:40:39","guid":{"rendered":"http:\/\/sea-sa.com.mx\/site\/?page_id=767"},"modified":"2020-09-18T18:36:06","modified_gmt":"2020-09-18T18:36:06","slug":"extractor-de-humo-soldadura-industrial-monterrey-mexico","status":"publish","type":"page","link":"https:\/\/sea-sa.com.mx\/site\/extractor-de-humo-soldadura-industrial-monterrey-mexico\/","title":{"rendered":"Extractor de Humo de Soldadura"},"content":{"rendered":"<div class=\"fusion-fullwidth fullwidth-box nonhundred-percent-fullwidth non-hundred-percent-height-scrolling\"  style='background-color: rgba(255,255,255,0);background-position: center center;background-repeat: no-repeat;padding-top:0px;padding-right:0px;padding-bottom:0px;padding-left:0px;'><div class=\"fusion-builder-row fusion-row \"><div  class=\"fusion-layout-column fusion_builder_column fusion_builder_column_1_1 fusion-builder-column-1 fusion-one-full fusion-column-first fusion-column-last 1_1\"  style='margin-top:0px;margin-bottom:0px;'>\n\t\t\t\t\t<div class=\"fusion-column-wrapper\" style=\"padding: 0px 0px 0px 0px;background-position:left top;background-repeat:no-repeat;-webkit-background-size:cover;-moz-background-size:cover;-o-background-size:cover;background-size:cover;\"   data-bg-url=\"\">\n\t\t\t\t\t\t<div class=\"fusion-title title fusion-title-1 fusion-title-center fusion-title-size-one\" style=\"margin-top:0px;margin-bottom:31px;\"><div class=\"title-sep-container title-sep-container-left\"><div class=\"title-sep sep-double sep-solid\" style=\"border-color:#e0dede;\"><\/div><\/div><h1 class=\"title-heading-center\" style=\"margin:0;\">Unidad M\u00f3vil para Extracci\u00f3n de Humo de Antorchas<\/h1><div class=\"title-sep-container title-sep-container-right\"><div class=\"title-sep sep-double sep-solid\" style=\"border-color:#e0dede;\"><\/div><\/div><\/div><div class=\"fusion-text\"><p><strong>Kemper SmartMaster Mobile Filter<br \/>\nUnidad M\u00f3vil para Extracci\u00f3n de Humo de Antorchas<\/strong><\/p>\n<\/div><div class=\"fusion-clearfix\"><\/div>\n\n\t\t\t\t\t<\/div>\n\t\t\t\t<\/div><div  class=\"fusion-layout-column fusion_builder_column fusion_builder_column_1_3 fusion-builder-column-2 fusion-one-third fusion-column-first 1_3\"  style='margin-top:0px;margin-bottom:20px;width:33.33%;width:calc(33.33% - ( ( 4% + 4% ) * 0.3333 ) );margin-right: 4%;'>\n\t\t\t\t\t<div class=\"fusion-column-wrapper\" style=\"padding: 0px 0px 0px 0px;background-position:left top;background-repeat:no-repeat;-webkit-background-size:cover;-moz-background-size:cover;-o-background-size:cover;background-size:cover;\"   data-bg-url=\"\">\n\t\t\t\t\t\t<div class=\"imageframe-liftup\"><span class=\"fusion-imageframe imageframe-none imageframe-1\"><a class=\"fusion-no-lightbox\" href=\"https:\/\/sea-sa.com.mx\/site\/producto\/extractor-humos-soldadura-mexico-kempler-antorchas\/\" target=\"_self\" aria-label=\"extractor-de-humo-kemper\"><img loading=\"lazy\" decoding=\"async\" src=\"https:\/\/sea-sa.com.mx\/site\/wp-content\/uploads\/2020\/09\/extractor-de-humo-kemper.jpg\" data-orig-src=\"https:\/\/sea-sa.com.mx\/site\/wp-content\/uploads\/2020\/09\/extractor-de-humo-kemper.jpg\" width=\"571\" height=\"600\" alt=\"\" class=\"lazyload img-responsive wp-image-7818\" srcset=\"data:image\/svg+xml,%3Csvg%20xmlns%3D%27http%3A%2F%2Fwww.w3.org%2F2000%2Fsvg%27%20width%3D%27571%27%20height%3D%27600%27%20viewBox%3D%270%200%20571%20600%27%3E%3Crect%20width%3D%27571%27%20height%3D%273600%27%20fill-opacity%3D%220%22%2F%3E%3C%2Fsvg%3E\" data-srcset=\"https:\/\/sea-sa.com.mx\/site\/wp-content\/uploads\/2020\/09\/extractor-de-humo-kemper-200x210.jpg 200w, https:\/\/sea-sa.com.mx\/site\/wp-content\/uploads\/2020\/09\/extractor-de-humo-kemper-400x420.jpg 400w, https:\/\/sea-sa.com.mx\/site\/wp-content\/uploads\/2020\/09\/extractor-de-humo-kemper.jpg 571w\" data-sizes=\"auto\" data-orig-sizes=\"auto, (max-width: 800px) 100vw, 571px\" \/><\/a><\/span><\/div><div class=\"fusion-clearfix\"><\/div>\n\n\t\t\t\t\t<\/div>\n\t\t\t\t<\/div><div  class=\"fusion-layout-column fusion_builder_column fusion_builder_column_1_3 fusion-builder-column-3 fusion-one-third 1_3\"  style='margin-top:0px;margin-bottom:20px;width:33.33%;width:calc(33.33% - ( ( 4% + 4% ) * 0.3333 ) );margin-right: 4%;'>\n\t\t\t\t\t<div class=\"fusion-column-wrapper\" style=\"padding: 0px 0px 0px 0px;background-position:left top;background-repeat:no-repeat;-webkit-background-size:cover;-moz-background-size:cover;-o-background-size:cover;background-size:cover;\"   data-bg-url=\"\">\n\t\t\t\t\t\t<div class=\"imageframe-liftup\"><span class=\"fusion-imageframe imageframe-none imageframe-2\"><a class=\"fusion-no-lightbox\" href=\"https:\/\/sea-sa.com.mx\/site\/producto\/extractor-humos-soldadura-mexico-kempler-antorchas\/\" target=\"_self\" aria-label=\"extractor-de-humo-kemper-1\"><img loading=\"lazy\" decoding=\"async\" src=\"https:\/\/sea-sa.com.mx\/site\/wp-content\/uploads\/2020\/02\/extractor-de-humo-kemper-1.jpg\" data-orig-src=\"https:\/\/sea-sa.com.mx\/site\/wp-content\/uploads\/2020\/02\/extractor-de-humo-kemper-1.jpg\" width=\"566\" height=\"754\" alt=\"\" class=\"lazyload img-responsive wp-image-7769\" srcset=\"data:image\/svg+xml,%3Csvg%20xmlns%3D%27http%3A%2F%2Fwww.w3.org%2F2000%2Fsvg%27%20width%3D%27566%27%20height%3D%27754%27%20viewBox%3D%270%200%20566%20754%27%3E%3Crect%20width%3D%27566%27%20height%3D%273754%27%20fill-opacity%3D%220%22%2F%3E%3C%2Fsvg%3E\" data-srcset=\"https:\/\/sea-sa.com.mx\/site\/wp-content\/uploads\/2020\/02\/extractor-de-humo-kemper-1-200x266.jpg 200w, https:\/\/sea-sa.com.mx\/site\/wp-content\/uploads\/2020\/02\/extractor-de-humo-kemper-1-400x533.jpg 400w, https:\/\/sea-sa.com.mx\/site\/wp-content\/uploads\/2020\/02\/extractor-de-humo-kemper-1.jpg 566w\" data-sizes=\"auto\" data-orig-sizes=\"auto, (max-width: 800px) 100vw, 566px\" \/><\/a><\/span><\/div><div class=\"fusion-clearfix\"><\/div>\n\n\t\t\t\t\t<\/div>\n\t\t\t\t<\/div><div  class=\"fusion-layout-column fusion_builder_column fusion_builder_column_1_3 fusion-builder-column-4 fusion-one-third fusion-column-last 1_3\"  style='margin-top:0px;margin-bottom:20px;width:33.33%;width:calc(33.33% - ( ( 4% + 4% ) * 0.3333 ) );'>\n\t\t\t\t\t<div class=\"fusion-column-wrapper\" style=\"padding: 0px 0px 0px 0px;background-position:left top;background-repeat:no-repeat;-webkit-background-size:cover;-moz-background-size:cover;-o-background-size:cover;background-size:cover;\"   data-bg-url=\"\">\n\t\t\t\t\t\t<div class=\"imageframe-liftup\"><span class=\"fusion-imageframe imageframe-none imageframe-3\"><a class=\"fusion-no-lightbox\" href=\"https:\/\/sea-sa.com.mx\/site\/producto\/extractor-humos-soldadura-mexico-kempler-antorchas\/\" target=\"_self\" aria-label=\"extractor-de-humo-kemper-3\"><img loading=\"lazy\" decoding=\"async\" src=\"https:\/\/sea-sa.com.mx\/site\/wp-content\/uploads\/2020\/02\/extractor-de-humo-kemper-3.jpg\" data-orig-src=\"https:\/\/sea-sa.com.mx\/site\/wp-content\/uploads\/2020\/02\/extractor-de-humo-kemper-3.jpg\" width=\"898\" height=\"609\" alt=\"\" class=\"lazyload img-responsive wp-image-7768\" srcset=\"data:image\/svg+xml,%3Csvg%20xmlns%3D%27http%3A%2F%2Fwww.w3.org%2F2000%2Fsvg%27%20width%3D%27898%27%20height%3D%27609%27%20viewBox%3D%270%200%20898%20609%27%3E%3Crect%20width%3D%27898%27%20height%3D%273609%27%20fill-opacity%3D%220%22%2F%3E%3C%2Fsvg%3E\" data-srcset=\"https:\/\/sea-sa.com.mx\/site\/wp-content\/uploads\/2020\/02\/extractor-de-humo-kemper-3-200x136.jpg 200w, https:\/\/sea-sa.com.mx\/site\/wp-content\/uploads\/2020\/02\/extractor-de-humo-kemper-3-400x271.jpg 400w, https:\/\/sea-sa.com.mx\/site\/wp-content\/uploads\/2020\/02\/extractor-de-humo-kemper-3-600x407.jpg 600w, https:\/\/sea-sa.com.mx\/site\/wp-content\/uploads\/2020\/02\/extractor-de-humo-kemper-3-800x543.jpg 800w, https:\/\/sea-sa.com.mx\/site\/wp-content\/uploads\/2020\/02\/extractor-de-humo-kemper-3.jpg 898w\" data-sizes=\"auto\" data-orig-sizes=\"auto, (max-width: 800px) 100vw, 898px\" \/><\/a><\/span><\/div><div class=\"fusion-clearfix\"><\/div>\n\n\t\t\t\t\t<\/div>\n\t\t\t\t<\/div><div  class=\"fusion-layout-column fusion_builder_column fusion_builder_column_1_1 fusion-builder-column-5 fusion-one-full fusion-column-first fusion-column-last 1_1\"  style='margin-top:0px;margin-bottom:20px;'>\n\t\t\t\t\t<div class=\"fusion-column-wrapper\" style=\"padding: 0px 0px 0px 0px;background-position:left top;background-repeat:no-repeat;-webkit-background-size:cover;-moz-background-size:cover;-o-background-size:cover;background-size:cover;\"   data-bg-url=\"\">\n\t\t\t\t\t\t<div class=\"fusion-text\"><p class=\"texto\">La unidad m\u00f3vil SmartMaster est\u00e1 dise\u00f1ada para la eliminacion de polvo y humo durante el proceso de soldadura. La campana de extracci\u00f3n giratoria permite su uso en un radio de 360 grados y se asegura de realizar ajustes m\u00ednimos durante la soldadura. Esta unidad es adecuada para la soldadura de acero de alta aleaci\u00f3n debido a su aprobaci\u00f3n W3.<\/p>\n<p class=\"texto\">La unidad SmartMaster puede ser utilizada para uso m\u00f3vil o estacionario, extrayendo el humo generado por las antorchas de soldadura filtrando el polvo respirable ultra fino (&lt; 0.1 \u00b5m).<\/p>\n<p class=\"texto\">Las part\u00edculas nocivas son aspiradas a trav\u00e9s de la boquilla extractora de humo en la punta de la antorcha y son transportadas por la corriente de aire hasta el filtro de la unidad, donde las particulas se adhieren en la superficie del cartucho del filtro y recolectadas en un dep\u00f3sito y el aire limpio regresa al area de trabajo, de ser necesario el filtro puede limpiarse facilmente a mano y aire comprimido.<\/p>\n<p class=\"texto\">Gracias a su poco peso y tama\u00f1o compacto, la unidad SmartMaster puede ser usada flexiblemente y universalmente y puede moverse entre diferentes lugares.<\/p>\n<p><a class=\"boton\" href=\"contacto-empresa-soldadura-equipos-antorchas\/?interes=Extractor de humos KEMPER\">Solicite m\u00e1s Informaci\u00f3n, Click Aqu\u00ed<\/a><\/p>\n<p><iframe loading=\"lazy\" src=\"https:\/\/www.youtube.com\/embed\/J1cLzxjadXo?rel=0\" width=\"100%\" height=\"315\" frameborder=\"0\" allowfullscreen=\"allowfullscreen\"><\/iframe><br \/>\n<iframe loading=\"lazy\" src=\"https:\/\/www.youtube.com\/embed\/6A38QYRWSas?rel=0\" width=\"100%\" height=\"315\" frameborder=\"0\" allowfullscreen=\"allowfullscreen\"><\/iframe><\/p>\n<p><strong>Caracter\u00edsticas<\/strong><\/p>\n<p>\u2022 Filtro desechable de 3 etapas de fibras no tejidas.<br \/>\n\u2022 12 m\u00b2 de superficie de filtro.<br \/>\n\u2022 Eficiencia de filtraci\u00f3n 99.9 % de todas las particulas<br \/>\n\u2022 2 pre filtros.<br \/>\n\u2022 Brazo de 6 pulgadas de di\u00e1metro.<br \/>\n\u2022 Nivel de Ruido 72 dB (A)<br \/>\n\u2022 Capacidad de extracci\u00f3n 950 m\u00b3\/h<br \/>\n\u2022 M\u00e1xima aspiraci\u00f3n 1.500 pa<br \/>\n\u2022 Fuente de poder de 1 x 115 V \/ 60 Hz.<br \/>\n\u2022 Dimensiones en pulgadas 28 ancho x 26 largo x 35 alto<\/p>\n<p style=\"text-align: center;\"><img class=\"lazyload\" loading=\"lazy\" decoding=\"async\" src=\"data:image\/svg+xml,%3Csvg%20xmlns%3D%27http%3A%2F%2Fwww.w3.org%2F2000%2Fsvg%27%20width%3D%2714%27%20height%3D%2719%27%20viewBox%3D%270%200%2014%2019%27%3E%3Crect%20width%3D%2714%27%20height%3D%27319%27%20fill-opacity%3D%220%22%2F%3E%3C%2Fsvg%3E\" data-orig-src=\"http:\/\/www.sea-sa.com.mx\/images\/click_aqui.jpg\" alt=\"\" width=\"14\" height=\"19\" align=\"absmiddle\" \/><span class=\"texto\"><strong>Cont\u00e1ctenos, con gusto estaremos respondiendo a sus dudas o comentarios. <span class=\"texto\"><a title=\"Click Aqu\u00ed\" href=\"http:\/\/sea-sa.com.mx\/site\/contacto-empresa-soldadura-equipos-antorchas\/?interes=Contacto desde Extractor Humos Kemper\">Click Aqu\u00ed.<\/a><\/span><\/strong><\/span><\/p>\n<\/div><div class=\"fusion-clearfix\"><\/div>\n\n\t\t\t\t\t<\/div>\n\t\t\t\t<\/div><\/div><\/div>\n","protected":false},"excerpt":{"rendered":"","protected":false},"author":1,"featured_media":0,"parent":0,"menu_order":0,"comment_status":"closed","ping_status":"closed","template":"","meta":{"ngg_post_thumbnail":0,"footnotes":""},"class_list":["post-767","page","type-page","status-publish","hentry"],"aioseo_notices":[],"_links":{"self":[{"href":"https:\/\/sea-sa.com.mx\/site\/wp-json\/wp\/v2\/pages\/767","targetHints":{"allow":["GET"]}}],"collection":[{"href":"https:\/\/sea-sa.com.mx\/site\/wp-json\/wp\/v2\/pages"}],"about":[{"href":"https:\/\/sea-sa.com.mx\/site\/wp-json\/wp\/v2\/types\/page"}],"author":[{"embeddable":true,"href":"https:\/\/sea-sa.com.mx\/site\/wp-json\/wp\/v2\/users\/1"}],"replies":[{"embeddable":true,"href":"https:\/\/sea-sa.com.mx\/site\/wp-json\/wp\/v2\/comments?post=767"}],"version-history":[{"count":9,"href":"https:\/\/sea-sa.com.mx\/site\/wp-json\/wp\/v2\/pages\/767\/revisions"}],"predecessor-version":[{"id":7821,"href":"https:\/\/sea-sa.com.mx\/site\/wp-json\/wp\/v2\/pages\/767\/revisions\/7821"}],"wp:attachment":[{"href":"https:\/\/sea-sa.com.mx\/site\/wp-json\/wp\/v2\/media?parent=767"}],"curies":[{"name":"wp","href":"https:\/\/api.w.org\/{rel}","templated":true}]}}