{"id":30,"date":"2014-12-05T05:24:00","date_gmt":"2014-12-05T05:24:00","guid":{"rendered":"http:\/\/sea-sa.com.mx\/site\/?page_id=30"},"modified":"2020-07-05T22:50:14","modified_gmt":"2020-07-05T22:50:14","slug":"proveedor-maquinas-antorchas-soldadura-mexico-monterrey","status":"publish","type":"page","link":"https:\/\/sea-sa.com.mx\/site\/proveedor-maquinas-antorchas-soldadura-mexico-monterrey\/","title":{"rendered":"Quienes Somos"},"content":{"rendered":"<p><div class=\"fusion-fullwidth fullwidth-box nonhundred-percent-fullwidth non-hundred-percent-height-scrolling\"  style='background-color: rgba(255,255,255,0);background-position: center center;background-repeat: no-repeat;padding-top:0px;padding-right:0px;padding-bottom:0px;padding-left:0px;'><div class=\"fusion-builder-row fusion-row \"><div  class=\"fusion-layout-column fusion_builder_column fusion_builder_column_1_1 fusion-builder-column-1 fusion-one-full fusion-column-first fusion-column-last 1_1\"  style='margin-top:0px;margin-bottom:0px;'>\n\t\t\t\t\t<div class=\"fusion-column-wrapper\" style=\"padding: 0px 0px 0px 0px;background-position:left top;background-repeat:no-repeat;-webkit-background-size:cover;-moz-background-size:cover;-o-background-size:cover;background-size:cover;\"   data-bg-url=\"\">\n\t\t\t\t\t\t<div class=\"fusion-text\"><p><iframe loading=\"lazy\" src=\"https:\/\/www.youtube.com\/embed\/ab2hlR8Vm1k\" width=\"100%\" height=\"515\" frameborder=\"0\" allowfullscreen=\"allowfullscreen\"><\/iframe><\/p>\n<\/div><div class=\"fusion-text\"><p><strong>Soldadura y Equipos Autom\u00e1ticos S.A de C.V<\/strong> nace en Enero de 2007 en la ciudad de Monterrey N.L. con el objetivo de distribuir productos y equipos de soldadura de \u00faltima generaci\u00f3n a la industria Mexicana.<\/p>\n<p>Se inicio con la distribuci\u00f3n de <a href=\"https:\/\/sea-sa.com.mx\/site\/categoria-producto\/antorchas-soldadura-tbi-industries-mexico\/\">Antorchas de Soldadura de la marca TBI Industries GMBH<\/a> y se han incorporado diferentes l\u00edneas de productos y <a href=\"https:\/\/sea-sa.com.mx\/site\/maquinas-antorchas-soldadura-monterrey-mexico\/\">accesorios para la soldadura<\/a> manual y autom\u00e1tica. As\u00ed como consumibles para L\u00e1ser y Plasma.<\/p>\n<p>En Diciembre del 2009 cambiamos de ubicaci\u00f3n al municipio de Santa Catarina pero debido a la necesidad de mayor espacio de almacenaje de productos en el 2011 nos cambiamos a <a href=\"https:\/\/www.google.com.mx\/maps\/preview#!data=!1m4!1m3!1d3742!2d-100.2978626!3d25.6360215!4m29!2m11!1m10!1s0x0%3A0x2cd45a8c7bf38223!3m8!1m3!1d3688138!2d-99.8141511!3d25.4817892!3m2!1i1024!2i768!4f13.1!5m16!2m15!1m14!1s0x8662bfaeb80c1cd7%3A0x2cd45a8c7bf38223!2sSEA-Soldadura+y+Equipos+Autom%C3%A1ticos+S.A.+de+C.V.!3m8!1m3!1d3688138!2d-99.8141511!3d25.4817892!3m2!1i1024!2i768!4f13.1!4m2!3d25.636001!4d-100.297824\" target=\"_blank\" rel=\"noopener noreferrer\">donde actualmente nos encontramos<\/a>.<\/p>\n<p>Recientemente contamos con la linea completa de equipos y <a href=\"https:\/\/sea-sa.com.mx\/site\/categoria-producto\/maquinas-soldadura-soldar-ewm-mexico\/\">maquinas para soldar de <strong>ewm group<\/strong><\/a>\u00a0en m\u00e9xico, ideales para soldar en diferentes tipos de materiales como acero inoxidable, aluminio, fierro, l\u00e1mina delgada o gruesa, inclusive soldar sobre l\u00e1minas con recubrimientos de Zinc, gracias a los diferentes procesos de soldadura como son coldarc, forcearc, entre otros.<\/p>\n<\/div><style type=\"text\/css\" scoped=\"scoped\">.fusion-accordian  #accordion-30-1 .panel-title a .fa-fusion-box{ color: #ffffff;}.fusion-accordian  #accordion-30-1 .panel-title a .fa-fusion-box:before{ font-size: 13px; width: 13px;}.fusion-accordian  #accordion-30-1 .panel-title a{font-size:13px;}.fusion-accordian  #accordion-30-1 .fa-fusion-box { background-color: #333333;border-color: #333333;}.fusion-accordian  #accordion-30-1 .panel-title a:hover, #accordion-30-1 .fusion-toggle-boxed-mode:hover .panel-title a { color: #1a80b6;}.fusion-accordian  #accordion-30-1 .panel-title .active .fa-fusion-box,.fusion-accordian  #accordion-30-1 .panel-title a:hover .fa-fusion-box { background-color: #1a80b6!important;border-color: #1a80b6!important;}<\/style><div class=\"accordian fusion-accordian\"><div class=\"panel-group\" id=\"accordion-30-1\"><div class=\"fusion-panel panel-default\"><div class=\"panel-heading\"><h4 class=\"panel-title toggle\"><a data-toggle=\"collapse\" data-parent=\"#accordion-30-1\" data-target=\"#28166efb40cf8f16d\" href=\"#28166efb40cf8f16d\"><div class=\"fusion-toggle-icon-wrapper\"><i class=\"fa-fusion-box\"><\/i><\/div><div class=\"fusion-toggle-heading\">Nuestra Mis\u00f3n<\/div><\/a><\/h4><\/div><div id=\"28166efb40cf8f16d\" class=\"panel-collapse collapse \"><div class=\"panel-body toggle-content fusion-clearfix\">\n<p>El esfuerzo de quienes integramos Soldadura y Equipos Autom\u00e1ticos S.A de C.V. esta orientado a satisfacer las necesidades de nuestros clientes mediante el entendimiento de sus requerimientos b\u00e1sicos para poder presentar soluciones que cumplan o excedan sus expectativas de servicio, calidad, precio y oportunidad, fundamentando todo esto en un compromiso de mejora continua.<\/p>\n<\/div><\/div><\/div><div class=\"fusion-panel panel-default\"><div class=\"panel-heading\"><h4 class=\"panel-title toggle\"><a data-toggle=\"collapse\" data-parent=\"#accordion-30-1\" data-target=\"#72ed706a5b8a7dafd\" href=\"#72ed706a5b8a7dafd\"><div class=\"fusion-toggle-icon-wrapper\"><i class=\"fa-fusion-box\"><\/i><\/div><div class=\"fusion-toggle-heading\">Nuestra Visi\u00f3n<\/div><\/a><\/h4><\/div><div id=\"72ed706a5b8a7dafd\" class=\"panel-collapse collapse \"><div class=\"panel-body toggle-content fusion-clearfix\">\n<p>En Soldadura y Equipos Autom\u00e1ticos S.A de C.V. buscamos dar soluciones en el \u00e1rea de soldadura a nuestros clientes con productos de \u00faltima generaci\u00f3n los cuales distribuimos y comercializamos en el territorio nacional.<\/p>\n<\/div><\/div><\/div><\/div><\/div><div class=\"fusion-clearfix\"><\/div>\n\n\t\t\t\t\t<\/div>\n\t\t\t\t<\/div><\/div><\/div><div class=\"fusion-fullwidth fullwidth-box fusion-blend-mode video-background hundred-percent-fullwidth non-hundred-percent-height-scrolling\"  style='background-color: rgba(234,234,234,0.9);background-position: center center;background-repeat: no-repeat;padding-top:0px;padding-right:0px;padding-bottom:0px;padding-left:0px;margin-bottom: 0px;margin-top: 0px;'><div style='opacity:0;' class='fusion-background-video-wrapper' id='video-1' data-youtube-video-id='mXkhAPsuR88' data-mute='yes' data-loop='1' data-loop-adjustment='' data-video-aspect-ratio='16:9'><div class='fusion-container-video-bg' id='video-2-inner'><\/div><\/div><div class=\"fullwidth-overlay\" style=\"background-color:rgba(234,234,234,0.9);\"><\/div><div class=\"fusion-builder-row fusion-row \"><div  class=\"fusion-layout-column fusion_builder_column fusion_builder_column_1_1 fusion-builder-column-2 fusion-one-full fusion-column-first fusion-column-last 1_1\"  style='margin-top:0px;margin-bottom:0px;'>\n\t\t\t\t\t<div class=\"fusion-column-wrapper\" style=\"padding: 0px 0px 0px 0px;background-position:left top;background-repeat:no-repeat;-webkit-background-size:cover;-moz-background-size:cover;-o-background-size:cover;background-size:cover;\"   data-bg-url=\"\">\n\t\t\t\t\t\t<div class=\"fusion-section-separator section-separator bigtriangle\" style=\"padding:0;margin-left:-0px;margin-right:-0px;\"><svg class=\"fusion-big-triangle-candy\" xmlns=\"http:\/\/www.w3.org\/2000\/svg\" version=\"1.1\" width=\"100%\" height=\"100\" viewBox=\"0 0 100 100\" preserveAspectRatio=\"none\" style=\"fill:#ffffff;padding:0;\"><path d=\"M-1 -1 L50 99 L101 -1 Z\"><\/path><\/svg><\/div><div class=\"fusion-text\"><h1 style=\"text-align: center;\">Reg\u00edstrese en nuestro bolet\u00edn de noticias<\/h1>\n<p style=\"text-align: center;\">Estaremos enviando boletines informativos de promociones, exposiciones fabtech y eventos en nuestro showroom.<\/p>\n<h1 style=\"text-align: center;\">\n<div class=\"wpcf7 no-js\" id=\"wpcf7-f10-o1\" lang=\"en-US\" dir=\"ltr\" data-wpcf7-id=\"10\">\n<div class=\"screen-reader-response\"><p role=\"status\" aria-live=\"polite\" aria-atomic=\"true\"><\/p> <ul><\/ul><\/div>\n<form action=\"\/site\/wp-json\/wp\/v2\/pages\/30#wpcf7-f10-o1\" method=\"post\" class=\"wpcf7-form init\" aria-label=\"Contact form\" novalidate=\"novalidate\" data-status=\"init\">\n<div style=\"display: none;\">\n<input type=\"hidden\" name=\"_wpcf7\" value=\"10\" \/>\n<input type=\"hidden\" name=\"_wpcf7_version\" value=\"6.0.6\" \/>\n<input type=\"hidden\" name=\"_wpcf7_locale\" value=\"en_US\" \/>\n<input type=\"hidden\" name=\"_wpcf7_unit_tag\" value=\"wpcf7-f10-o1\" \/>\n<input type=\"hidden\" name=\"_wpcf7_container_post\" value=\"0\" \/>\n<input type=\"hidden\" name=\"_wpcf7_posted_data_hash\" value=\"\" \/>\n<input type=\"hidden\" name=\"_wpcf7_recaptcha_response\" value=\"\" \/>\n<\/div>\n<p><label> Nombre:<br \/>\n<span class=\"wpcf7-form-control-wrap\" data-name=\"your-name\"><input size=\"40\" maxlength=\"400\" class=\"wpcf7-form-control wpcf7-text wpcf7-validates-as-required contactcentro\" aria-required=\"true\" aria-invalid=\"false\" placeholder=\"Escriba aqu\u00ed su nombre\" value=\"\" type=\"text\" name=\"your-name\" \/><\/span><\/label>\n<\/p>\n<p><label> Correo Electr\u00f3nico<br \/>\n<span class=\"wpcf7-form-control-wrap\" data-name=\"your-email\"><input size=\"40\" maxlength=\"400\" class=\"wpcf7-form-control wpcf7-email wpcf7-validates-as-required wpcf7-text wpcf7-validates-as-email contactcentro\" aria-required=\"true\" aria-invalid=\"false\" placeholder=\"Escriba su correo electr\u00f3nico\" value=\"\" type=\"email\" name=\"your-email\" \/><\/span> <\/label>\n<\/p>\n<center>\n\t<p><input class=\"wpcf7-form-control wpcf7-submit has-spinner\" type=\"submit\" value=\"REGISTRARSE\" \/>\n\t<\/p>\n<\/center><div class=\"wpcf7-response-output\" aria-hidden=\"true\"><\/div>\n<\/form>\n<\/div>\n<\/h1>\n<\/div><div class=\"fusion-section-separator section-separator bigtriangle\" style=\"padding:0;margin-left:-0px;margin-right:-0px;\"><svg class=\"fusion-big-triangle-candy\" xmlns=\"http:\/\/www.w3.org\/2000\/svg\" version=\"1.1\" width=\"100%\" height=\"100\" viewBox=\"0 0 100 100\" preserveAspectRatio=\"none\" style=\"fill:#ffffff;padding:0;\"><path d=\"M0 100 L50 2 L100 100 Z\"><\/path><\/svg><\/div><div class=\"fusion-clearfix\"><\/div>\n\n\t\t\t\t\t<\/div>\n\t\t\t\t<\/div><\/div><\/div><\/p>\n","protected":false},"excerpt":{"rendered":"","protected":false},"author":1,"featured_media":0,"parent":0,"menu_order":0,"comment_status":"closed","ping_status":"closed","template":"100-width.php","meta":{"ngg_post_thumbnail":0,"footnotes":""},"class_list":["post-30","page","type-page","status-publish","hentry"],"aioseo_notices":[],"_links":{"self":[{"href":"https:\/\/sea-sa.com.mx\/site\/wp-json\/wp\/v2\/pages\/30","targetHints":{"allow":["GET"]}}],"collection":[{"href":"https:\/\/sea-sa.com.mx\/site\/wp-json\/wp\/v2\/pages"}],"about":[{"href":"https:\/\/sea-sa.com.mx\/site\/wp-json\/wp\/v2\/types\/page"}],"author":[{"embeddable":true,"href":"https:\/\/sea-sa.com.mx\/site\/wp-json\/wp\/v2\/users\/1"}],"replies":[{"embeddable":true,"href":"https:\/\/sea-sa.com.mx\/site\/wp-json\/wp\/v2\/comments?post=30"}],"version-history":[{"count":26,"href":"https:\/\/sea-sa.com.mx\/site\/wp-json\/wp\/v2\/pages\/30\/revisions"}],"predecessor-version":[{"id":5958,"href":"https:\/\/sea-sa.com.mx\/site\/wp-json\/wp\/v2\/pages\/30\/revisions\/5958"}],"wp:attachment":[{"href":"https:\/\/sea-sa.com.mx\/site\/wp-json\/wp\/v2\/media?parent=30"}],"curies":[{"name":"wp","href":"https:\/\/api.w.org\/{rel}","templated":true}]}}