{"id":1699,"date":"2016-04-14T17:52:01","date_gmt":"2016-04-14T17:52:01","guid":{"rendered":"http:\/\/sea-sa.com.mx\/site\/?page_id=1699"},"modified":"2022-02-09T15:59:35","modified_gmt":"2022-02-09T15:59:35","slug":"soldadura-orbital-welding-tuberias-inoxidable-mexico","status":"publish","type":"page","link":"https:\/\/sea-sa.com.mx\/site\/soldadura-orbital-welding-tuberias-inoxidable-mexico\/","title":{"rendered":"Soldadura Orbital &#8211; Nuevos Equipos!"},"content":{"rendered":"<p><div class=\"fusion-fullwidth fullwidth-box nonhundred-percent-fullwidth non-hundred-percent-height-scrolling\"  style='background-color: rgba(255,255,255,0);background-position: center center;background-repeat: no-repeat;padding-top:0px;padding-right:0px;padding-bottom:0px;padding-left:0px;'><div class=\"fusion-builder-row fusion-row \"><div  class=\"fusion-layout-column fusion_builder_column fusion_builder_column_1_1 fusion-builder-column-1 fusion-one-full fusion-column-first fusion-column-last 1_1\"  style='margin-top:0px;margin-bottom:0px;'>\n\t\t\t\t\t<div class=\"fusion-column-wrapper\" style=\"padding: 0px 0px 0px 0px;background-position:left top;background-repeat:no-repeat;-webkit-background-size:cover;-moz-background-size:cover;-o-background-size:cover;background-size:cover;\"   data-bg-url=\"\">\n\t\t\t\t\t\t<div class=\"fusion-text\"><h2 style=\"text-align: center;\">EQUIPOS PARA SOLDADURA ORBITAL EN TUBER\u00cdAS<\/h2>\n<\/div><div class=\"fusion-text\"><h3><strong><span style=\"color: #2c327d;\">L\u00ednea de productos de soldadura orbital<\/span><\/strong><\/h3>\n<p><span style=\"color: #000000;\">En la actualidad, los procesos de\u00a0soldadura orbital est\u00e1n siendo utilizados con mucha aceptaci\u00f3n en empresas de manufactura dentro de la industria alimenticia, bebidas, farmac\u00e9uticas, bio tecnolog\u00eda, semiconductores, aviaci\u00f3n y navegaci\u00f3n espacial, energ\u00edas renovables, entre otros.<\/span><\/p>\n<p><span style=\"color: #000000;\">Los equipos\u00a0de Orbital Weldingtools, cuentan con calidad de manufactura alemana, lo que garantiza rentabilidad y producci\u00f3n a sus procesos de soldadura.\u00a0\u00a0Se especializan \u00a0en el desarrollo y manufactura de tecnolog\u00eda de soldadura orbital.<\/span><\/p>\n<p><strong>Caracter\u00edsticas<\/strong><\/p>\n<ul>\n<li style=\"text-align: left;\">Construcci\u00f3n Robusta.<\/li>\n<li style=\"text-align: left;\">Mecanismo de agarre continuamente variable.<\/li>\n<li style=\"text-align: left;\">Los cabezales de soldadura pueden centrarse al tubo f\u00e1cilmente y son sujetados por medio de un nivel de agarre.<\/li>\n<li style=\"text-align: left;\">La longitud del arco se mantiene mec\u00e1nicamente a una distancia constante.<\/li>\n<li style=\"text-align: left;\">Gracias a sus sensor de arranque y detenci\u00f3n, no se requiere de alg\u00fan control remoto adicional.<\/li>\n<li style=\"text-align: left;\">Disponible con la opci\u00f3n de soporte para antorcha con inclinaci\u00f3n a 90\u00ba.<\/li>\n<li style=\"text-align: left;\">Un cable adicional de la consola puede ser conectado al cuerpo de la antorcha.<\/li>\n<\/ul>\n<h3 style=\"text-align: center;\"><strong><span style=\"color: #2c327d;\">Modelos Disponibles<\/span><\/strong><\/h3>\n<h3 style=\"text-align: center;\"><span style=\"color: #db2d08;\">Cabezales Abiertos<\/span><\/h3>\n<p style=\"text-align: center;\">Open-frame weld heads OHW-Series<\/p>\n<\/div><div class=\"imageframe-align-center\"><span style=\"width:100%;max-width:600px;\" class=\"fusion-imageframe imageframe-none imageframe-1 hover-type-zoomin\"><a class=\"fusion-no-lightbox\" href=\"https:\/\/sea-sa.com.mx\/site\/producto\/cabezal-soldadura-tuberias-orbital-industrial-mexico-abierto\/\" target=\"_blank\" aria-label=\"Cabezales-abiertos\" rel=\"noopener noreferrer\"><img loading=\"lazy\" decoding=\"async\" src=\"https:\/\/sea-sa.com.mx\/site\/wp-content\/uploads\/2020\/02\/Cabezales-abiertos-1.jpg\" data-orig-src=\"https:\/\/sea-sa.com.mx\/site\/wp-content\/uploads\/2020\/02\/Cabezales-abiertos-1.jpg\" width=\"800\" height=\"430\" alt=\"Cabez\" class=\"lazyload img-responsive wp-image-9474\" srcset=\"data:image\/svg+xml,%3Csvg%20xmlns%3D%27http%3A%2F%2Fwww.w3.org%2F2000%2Fsvg%27%20width%3D%27800%27%20height%3D%27430%27%20viewBox%3D%270%200%20800%20430%27%3E%3Crect%20width%3D%27800%27%20height%3D%273430%27%20fill-opacity%3D%220%22%2F%3E%3C%2Fsvg%3E\" data-srcset=\"https:\/\/sea-sa.com.mx\/site\/wp-content\/uploads\/2020\/02\/Cabezales-abiertos-1-200x108.jpg 200w, https:\/\/sea-sa.com.mx\/site\/wp-content\/uploads\/2020\/02\/Cabezales-abiertos-1-400x215.jpg 400w, https:\/\/sea-sa.com.mx\/site\/wp-content\/uploads\/2020\/02\/Cabezales-abiertos-1-600x323.jpg 600w, https:\/\/sea-sa.com.mx\/site\/wp-content\/uploads\/2020\/02\/Cabezales-abiertos-1.jpg 800w\" data-sizes=\"auto\" data-orig-sizes=\"auto, (max-width: 800px) 100vw, 800px\" \/><\/a><\/span><\/div><div class=\"fusion-text\"><p><strong>Modelos Disponibles<\/strong><\/p>\n<ul>\n<li><strong>OHW 80<\/strong> = 10-76,2 mm \/ 0.394&#8243;-3&#8243;<\/li>\n<li><strong>OHW 115<\/strong>\u00a0= 20-114,3\u00a0mm \/ 0.787&#8243;-4 1\/2&#8243;<\/li>\n<li><strong>OHW 170<\/strong>\u00a0= 40-168,3\u00a0mm \/ 1,575&#8243;-6.626&#8243;<\/li>\n<li><strong>OHW 275\u00a0<\/strong>= 88,9-273\u00a0mm \/ 3.50&#8243;-10.82&#8243;<\/li>\n<li><strong>OHW 325\u00a0<\/strong>= 168,3-323,9\u00a0mm \/ 6.61&#8243;-12 3\/4&#8243;<\/li>\n<\/ul>\n<p align=\"center\"><iframe loading=\"lazy\" src=\"https:\/\/www.youtube.com\/embed\/q0A86zZsmeE?rel=0\" width=\"600\" height=\"350\" frameborder=\"0\" align=\"center\" allowfullscreen=\"allowfullscreen\"><\/iframe><\/p>\n<p style=\"text-align: center;\"><strong><a class=\"boton\" href=\"contacto-empresa-soldadura-equipos-antorchas\/?interes=Orbital Open Frame\" target=\"_self\" rel=\"noopener noreferrer\">Solicite m\u00e1s Informaci\u00f3n, Click Aqu\u00ed<\/a><\/strong><\/p>\n<h3 style=\"text-align: center;\"><span style=\"color: #db2d08;\">Cabezales Cerrados enfriados por Agua<\/span><\/h3>\n<p style=\"text-align: center;\">Enclosed weld heads CHW-Series<\/p>\n<\/div><div class=\"imageframe-align-center\"><span style=\"width:100%;max-width:600px;\" class=\"fusion-imageframe imageframe-none imageframe-2 hover-type-zoomin\"><a class=\"fusion-no-lightbox\" href=\"https:\/\/sea-sa.com.mx\/site\/producto\/cabezal-soldadura-orbital-mexico-cerrado-agua\/\" target=\"_blank\" aria-label=\"Cabezales-Cerrados-enfriados-por-Agua\" rel=\"noopener noreferrer\"><img loading=\"lazy\" decoding=\"async\" src=\"https:\/\/sea-sa.com.mx\/site\/wp-content\/uploads\/2020\/02\/Cabezales-Cerrados-enfriados-por-Agua-1.jpg\" data-orig-src=\"https:\/\/sea-sa.com.mx\/site\/wp-content\/uploads\/2020\/02\/Cabezales-Cerrados-enfriados-por-Agua-1.jpg\" width=\"800\" height=\"430\" alt=\"Cabezales-Cerrados-enfriados-por-Agua\" class=\"lazyload img-responsive wp-image-9475\" srcset=\"data:image\/svg+xml,%3Csvg%20xmlns%3D%27http%3A%2F%2Fwww.w3.org%2F2000%2Fsvg%27%20width%3D%27800%27%20height%3D%27430%27%20viewBox%3D%270%200%20800%20430%27%3E%3Crect%20width%3D%27800%27%20height%3D%273430%27%20fill-opacity%3D%220%22%2F%3E%3C%2Fsvg%3E\" data-srcset=\"https:\/\/sea-sa.com.mx\/site\/wp-content\/uploads\/2020\/02\/Cabezales-Cerrados-enfriados-por-Agua-1-200x108.jpg 200w, https:\/\/sea-sa.com.mx\/site\/wp-content\/uploads\/2020\/02\/Cabezales-Cerrados-enfriados-por-Agua-1-400x215.jpg 400w, https:\/\/sea-sa.com.mx\/site\/wp-content\/uploads\/2020\/02\/Cabezales-Cerrados-enfriados-por-Agua-1-600x323.jpg 600w, https:\/\/sea-sa.com.mx\/site\/wp-content\/uploads\/2020\/02\/Cabezales-Cerrados-enfriados-por-Agua-1.jpg 800w\" data-sizes=\"auto\" data-orig-sizes=\"auto, (max-width: 800px) 100vw, 800px\" \/><\/a><\/span><\/div><div class=\"fusion-text\"><p><strong>Modelos Disponibles<\/strong><\/p>\n<ul>\n<li><strong>CHW W\u00a021\u00a0<\/strong>= 3,17-21,3 mm \/ 1\/8&#8243;-\u00a00.839&#8243;<\/li>\n<li><strong>CHW W 38\u00a0<\/strong>= 3,17-38,1\u00a0mm \/ 1\/8&#8243;-0.839&#8243;<\/li>\n<li><strong>CHW W 76\u00a0<\/strong>= 6,0-76,2\u00a0mm \/ 1\/4&#8243;-3&#8243;<\/li>\n<li><strong>CHW W 115\u00a0<\/strong>= 6,0-114,3\u00a0mm \/ 1\/4&#8243;-4 1\/2&#8243;<\/li>\n<\/ul>\n<p align=\"center\"><iframe loading=\"lazy\" src=\"https:\/\/www.youtube.com\/embed\/Wv7j83xbD5I?rel=0\" width=\"600\" height=\"350\" frameborder=\"0\" allowfullscreen=\"allowfullscreen\"><\/iframe><\/p>\n<p style=\"text-align: center;\"><strong><a class=\"boton\" href=\"contacto-empresa-soldadura-equipos-antorchas\/?interes=Orbital Water Enclosed Frame\" target=\"_self\" rel=\"noopener noreferrer\">Solicite m\u00e1s Informaci\u00f3n, Click Aqu\u00ed<\/a><\/strong><\/p>\n<h3 style=\"text-align: center;\"><span style=\"color: #db2d08;\">Cabezales Cerrados enfriados por\u00a0Gas<\/span><\/h3>\n<p style=\"text-align: center;\">Enclosed weld heads CHW-G Series<\/p>\n<\/div><div class=\"imageframe-align-center\"><span style=\"width:100%;max-width:600px;\" class=\"fusion-imageframe imageframe-none imageframe-3 hover-type-zoomin\"><a class=\"fusion-no-lightbox\" href=\"https:\/\/sea-sa.com.mx\/site\/producto\/cabezal-soldadura-orbital-mexico-cerrado-gas\/\" target=\"_blank\" aria-label=\"Cabezales-Cerrados-enfriados-por-Gas\" rel=\"noopener noreferrer\"><img loading=\"lazy\" decoding=\"async\" src=\"https:\/\/sea-sa.com.mx\/site\/wp-content\/uploads\/2020\/02\/Cabezales-Cerrados-enfriados-por-Gas-1.jpg\" data-orig-src=\"https:\/\/sea-sa.com.mx\/site\/wp-content\/uploads\/2020\/02\/Cabezales-Cerrados-enfriados-por-Gas-1.jpg\" width=\"800\" height=\"430\" alt=\"Cabezales-Cerrados-enfriados-por-Gas\" class=\"lazyload img-responsive wp-image-9476\" srcset=\"data:image\/svg+xml,%3Csvg%20xmlns%3D%27http%3A%2F%2Fwww.w3.org%2F2000%2Fsvg%27%20width%3D%27800%27%20height%3D%27430%27%20viewBox%3D%270%200%20800%20430%27%3E%3Crect%20width%3D%27800%27%20height%3D%273430%27%20fill-opacity%3D%220%22%2F%3E%3C%2Fsvg%3E\" data-srcset=\"https:\/\/sea-sa.com.mx\/site\/wp-content\/uploads\/2020\/02\/Cabezales-Cerrados-enfriados-por-Gas-1-200x108.jpg 200w, https:\/\/sea-sa.com.mx\/site\/wp-content\/uploads\/2020\/02\/Cabezales-Cerrados-enfriados-por-Gas-1-400x215.jpg 400w, https:\/\/sea-sa.com.mx\/site\/wp-content\/uploads\/2020\/02\/Cabezales-Cerrados-enfriados-por-Gas-1-600x323.jpg 600w, https:\/\/sea-sa.com.mx\/site\/wp-content\/uploads\/2020\/02\/Cabezales-Cerrados-enfriados-por-Gas-1.jpg 800w\" data-sizes=\"auto\" data-orig-sizes=\"auto, (max-width: 800px) 100vw, 800px\" \/><\/a><\/span><\/div><div class=\"fusion-text\"><p><strong>Modelos Disponibles<\/strong><\/p>\n<ul>\n<li><strong>CHW G\u00a021\u00a0<\/strong>= 3,17-21,3 mm \/ 1\/8&#8243;-\u00a00.839&#8243;<\/li>\n<li><strong>CHW G\u00a038\u00a0<\/strong>= 3,17-38,1\u00a0mm \/ 1\/8&#8243;-0.839&#8243;<\/li>\n<li><strong>CHW G\u00a076\u00a0<\/strong>= 6,0-76,2\u00a0mm \/ 1\/4&#8243;-3&#8243;<\/li>\n<li><strong>CHW G\u00a0115\u00a0<\/strong>= 6,0-114,3\u00a0mm \/ 1\/4&#8243;-4 1\/2&#8243;<\/li>\n<\/ul>\n<p style=\"text-align: left;\">S\u00edguenos, haz clic:<\/p>\n<div class=\"fb-like\" style=\"text-align: center;\" data-href=\"https:\/\/www.facebook.com\/seasamx\" data-layout=\"button_count\"><\/div>\n<div class=\"g-ytsubscribe\" style=\"text-align: center;\" data-channel=\"seasacommx\"><\/div>\n<\/div><div class=\"fusion-clearfix\"><\/div>\n\n\t\t\t\t\t<\/div>\n\t\t\t\t<\/div><\/div><\/div><div class=\"fusion-fullwidth fullwidth-box nonhundred-percent-fullwidth non-hundred-percent-height-scrolling\"  style='background-color: rgba(255,255,255,0);background-position: center center;background-repeat: no-repeat;padding-top:0px;padding-right:0px;padding-bottom:0px;padding-left:0px;'><div class=\"fusion-builder-row fusion-row \"><div  class=\"fusion-layout-column fusion_builder_column fusion_builder_column_1_1 fusion-builder-column-2 fusion-one-full fusion-column-first fusion-column-last 1_1\"  style='margin-top:0px;margin-bottom:20px;'>\n\t\t\t\t\t<div class=\"fusion-column-wrapper\" style=\"padding: 0px 0px 0px 0px;background-position:left top;background-repeat:no-repeat;-webkit-background-size:cover;-moz-background-size:cover;-o-background-size:cover;background-size:cover;\"   data-bg-url=\"\">\n\t\t\t\t\t\t<div class=\"fusion-text\"><h3>Solicite informaci\u00f3n, complete el siguiente formulario para asignarle a un representante de ventas.<\/h3>\n\n<div class=\"wpcf7 no-js\" id=\"wpcf7-f5-o1\" lang=\"en-US\" dir=\"ltr\" data-wpcf7-id=\"5\">\n<div class=\"screen-reader-response\"><p role=\"status\" aria-live=\"polite\" aria-atomic=\"true\"><\/p> <ul><\/ul><\/div>\n<form action=\"\/site\/wp-json\/wp\/v2\/pages\/1699#wpcf7-f5-o1\" method=\"post\" class=\"wpcf7-form init\" aria-label=\"Contact form\" novalidate=\"novalidate\" data-status=\"init\">\n<div style=\"display: none;\">\n<input type=\"hidden\" name=\"_wpcf7\" value=\"5\" \/>\n<input type=\"hidden\" name=\"_wpcf7_version\" value=\"6.0.6\" \/>\n<input type=\"hidden\" name=\"_wpcf7_locale\" value=\"en_US\" \/>\n<input type=\"hidden\" name=\"_wpcf7_unit_tag\" value=\"wpcf7-f5-o1\" \/>\n<input type=\"hidden\" name=\"_wpcf7_container_post\" value=\"0\" \/>\n<input type=\"hidden\" name=\"_wpcf7_posted_data_hash\" value=\"\" \/>\n<input type=\"hidden\" name=\"_wpcf7_recaptcha_response\" value=\"\" \/>\n<\/div>\n<p>Nombre: <span class=\"wpcf7-form-control-wrap\" data-name=\"your-name\"><input size=\"40\" maxlength=\"400\" class=\"wpcf7-form-control wpcf7-text wpcf7-validates-as-required\" aria-required=\"true\" aria-invalid=\"false\" placeholder=\"Escriba aqu\u00ed su nombre\" value=\"\" type=\"text\" name=\"your-name\" \/><\/span><br \/>\nEmpresa: <span class=\"wpcf7-form-control-wrap\" data-name=\"empresa\"><input size=\"40\" maxlength=\"400\" class=\"wpcf7-form-control wpcf7-text wpcf7-validates-as-required\" aria-required=\"true\" aria-invalid=\"false\" placeholder=\"Escriba aqu\u00ed su empresa\" value=\"\" type=\"text\" name=\"empresa\" \/><\/span><br \/>\nCorreo Electr\u00f3nico:<span class=\"wpcf7-form-control-wrap\" data-name=\"your-email\"><input size=\"40\" maxlength=\"400\" class=\"wpcf7-form-control wpcf7-email wpcf7-validates-as-required wpcf7-text wpcf7-validates-as-email\" aria-required=\"true\" aria-invalid=\"false\" placeholder=\"Escriba su correo electr\u00f3nico\" value=\"\" type=\"email\" name=\"your-email\" \/><\/span><br \/>\nTel\u00e9fono:<span class=\"wpcf7-form-control-wrap\" data-name=\"telefono\"><input size=\"40\" maxlength=\"400\" class=\"wpcf7-form-control wpcf7-text wpcf7-validates-as-required\" aria-required=\"true\" aria-invalid=\"false\" placeholder=\"Escriba aqu\u00ed su tel\u00e9fono\" value=\"\" type=\"text\" name=\"telefono\" \/><\/span><br \/>\nCiudad:<span class=\"wpcf7-form-control-wrap\" data-name=\"ciudad\"><input size=\"40\" maxlength=\"400\" class=\"wpcf7-form-control wpcf7-text wpcf7-validates-as-required\" aria-required=\"true\" aria-invalid=\"false\" placeholder=\"Escriba aqu\u00ed su ciudad\" value=\"\" type=\"text\" name=\"ciudad\" \/><\/span><br \/>\nEquipo de inter\u00e9s: <span class=\"wpcf7-form-control-wrap\" data-name=\"your-subject\"><input size=\"40\" maxlength=\"400\" class=\"wpcf7-form-control wpcf7-text wpcf7-validates-as-required\" aria-required=\"true\" aria-invalid=\"false\" placeholder=\"Escriba el equipo de inter\u00e9s\" value=\"\" type=\"text\" name=\"your-subject\" \/><\/span><br \/>\nComentarios: <span class=\"wpcf7-form-control-wrap\" data-name=\"comentarios\"><textarea cols=\"40\" rows=\"10\" maxlength=\"2000\" class=\"wpcf7-form-control wpcf7-textarea\" aria-invalid=\"false\" placeholder=\"Escriba aqu\u00ed sus comentarios\" name=\"comentarios\"><\/textarea><\/span>\n<\/p>\n<p><input class=\"wpcf7-form-control wpcf7-submit has-spinner\" type=\"submit\" value=\"Enviar Informaci\u00f3n\" \/>\n<\/p><div class=\"wpcf7-response-output\" aria-hidden=\"true\"><\/div>\n<\/form>\n<\/div>\n\n<\/div><div class=\"fusion-clearfix\"><\/div>\n\n\t\t\t\t\t<\/div>\n\t\t\t\t<\/div><\/div><\/div><\/p>\n","protected":false},"excerpt":{"rendered":"","protected":false},"author":1,"featured_media":0,"parent":0,"menu_order":0,"comment_status":"closed","ping_status":"closed","template":"","meta":{"ngg_post_thumbnail":0,"footnotes":""},"class_list":["post-1699","page","type-page","status-publish","hentry"],"aioseo_notices":[],"_links":{"self":[{"href":"https:\/\/sea-sa.com.mx\/site\/wp-json\/wp\/v2\/pages\/1699","targetHints":{"allow":["GET"]}}],"collection":[{"href":"https:\/\/sea-sa.com.mx\/site\/wp-json\/wp\/v2\/pages"}],"about":[{"href":"https:\/\/sea-sa.com.mx\/site\/wp-json\/wp\/v2\/types\/page"}],"author":[{"embeddable":true,"href":"https:\/\/sea-sa.com.mx\/site\/wp-json\/wp\/v2\/users\/1"}],"replies":[{"embeddable":true,"href":"https:\/\/sea-sa.com.mx\/site\/wp-json\/wp\/v2\/comments?post=1699"}],"version-history":[{"count":16,"href":"https:\/\/sea-sa.com.mx\/site\/wp-json\/wp\/v2\/pages\/1699\/revisions"}],"predecessor-version":[{"id":9978,"href":"https:\/\/sea-sa.com.mx\/site\/wp-json\/wp\/v2\/pages\/1699\/revisions\/9978"}],"wp:attachment":[{"href":"https:\/\/sea-sa.com.mx\/site\/wp-json\/wp\/v2\/media?parent=1699"}],"curies":[{"name":"wp","href":"https:\/\/api.w.org\/{rel}","templated":true}]}}