{"id":1131,"date":"2015-08-05T23:24:37","date_gmt":"2015-08-05T23:24:37","guid":{"rendered":"http:\/\/sea-sa.com.mx\/site\/?page_id=1131"},"modified":"2020-05-14T14:31:04","modified_gmt":"2020-05-14T14:31:04","slug":"venta-equipo-partes-robots-celdas-soldadura-consolas-servopack-mexico","status":"publish","type":"page","link":"https:\/\/sea-sa.com.mx\/site\/venta-equipo-partes-robots-celdas-soldadura-consolas-servopack-mexico\/","title":{"rendered":"VENTA DE PARTES USADAS PARA ROBOTS DE SOLDADURA"},"content":{"rendered":"<p>[vc_row][vc_column width=&#8221;1\/1&#8243;][vc_column_text][title class=&#8221;titulos&#8221; size=&#8221;3&#8243;]WELDING ROBOTS USED PARTS.[\/title][\/vc_column_text][\/vc_column][\/vc_row][vc_row][vc_column width=&#8221;1\/1&#8243;][vc_column_text]<\/p>\n<p style=\"text-align: center;\"><span style=\"font-family: Arial, Helvetica, sans-serif; font-size: large; color: #2a7db5;\"><strong><a href=\"http:\/\/sea-sa.com.mx\/site\/wp-content\/uploads\/2015\/08\/motoman-logo1.jpg\"><img loading=\"lazy\" decoding=\"async\" class=\"lazyload aligncenter size-full wp-image-1357\" src=\"data:image\/svg+xml,%3Csvg%20xmlns%3D%27http%3A%2F%2Fwww.w3.org%2F2000%2Fsvg%27%20width%3D%2788%27%20height%3D%2735%27%20viewBox%3D%270%200%2088%2035%27%3E%3Crect%20width%3D%2788%27%20height%3D%27335%27%20fill-opacity%3D%220%22%2F%3E%3C%2Fsvg%3E\" data-orig-src=\"http:\/\/sea-sa.com.mx\/site\/wp-content\/uploads\/2015\/08\/motoman-logo1.jpg\" alt=\"motoman-logo\" width=\"88\" height=\"35\" \/><\/a>Motoman MRc Teach Pendant<\/strong><\/span><\/p>\n<p style=\"text-align: center;\"><span style=\"font-family: Arial, Helvetica, sans-serif; font-size: large; color: #2a7db5;\"><strong>Consola Controladora Port\u00e1til<\/strong><\/span><\/p>\n<p><a href=\"http:\/\/sea-sa.com.mx\/site\/wp-content\/uploads\/2015\/08\/motoman-MRc-teach-peandal.jpg\"><img loading=\"lazy\" decoding=\"async\" class=\"lazyload aligncenter size-full wp-image-1356\" src=\"data:image\/svg+xml,%3Csvg%20xmlns%3D%27http%3A%2F%2Fwww.w3.org%2F2000%2Fsvg%27%20width%3D%27225%27%20height%3D%27400%27%20viewBox%3D%270%200%20225%20400%27%3E%3Crect%20width%3D%27225%27%20height%3D%273400%27%20fill-opacity%3D%220%22%2F%3E%3C%2Fsvg%3E\" data-orig-src=\"http:\/\/sea-sa.com.mx\/site\/wp-content\/uploads\/2015\/08\/motoman-MRc-teach-peandal.jpg\" alt=\"motoman-MRc-teach-peandal\" width=\"225\" height=\"400\" \/><\/a>[\/vc_column_text][vc_column_text css=&#8221;.vc_custom_1448001659726{margin-top: 0px !important;margin-right: 30px !important;margin-bottom: 0px !important;margin-left: 30px !important;padding-top: 0px !important;padding-right: 30px !important;padding-bottom: 0px !important;padding-left: 30px !important;background-color: rgba(30,115,190,0.1) !important;*background-color: rgb(30,115,190) !important;}&#8221; css_animation=&#8221;bottom-to-top&#8221;]<\/p>\n<p style=\"text-align: center;\"><strong>Caracter\u00edsticas<\/strong><br \/>\nNo. de Serie: 3209-MR-99280<br \/>\nNo. de Parte: JZNC-MPP21E<br \/>\nMarca: YASNAC MRC<br \/>\nPrecio: $ Solicite Informacion<br \/>\n<a class=\"boton\" href=\"contacto-empresa-soldadura-equipos-antorchas\/?interes=Teach pendant ABB\">Solicite m\u00e1s Informaci\u00f3n, Click Aqu\u00ed<\/a><\/p>\n<p>[\/vc_column_text][\/vc_column][\/vc_row][vc_row][vc_column width=&#8221;1\/2&#8243;][vc_column_text]<\/p>\n<p style=\"text-align: center;\"><span style=\"font-family: Arial, Helvetica, sans-serif; font-size: large; color: #2a7db5;\"><strong><img loading=\"lazy\" decoding=\"async\" class=\"lazyload  size-full wp-image-1137 alignleft\" src=\"data:image\/svg+xml,%3Csvg%20xmlns%3D%27http%3A%2F%2Fwww.w3.org%2F2000%2Fsvg%27%20width%3D%2774%27%20height%3D%2735%27%20viewBox%3D%270%200%2074%2035%27%3E%3Crect%20width%3D%2774%27%20height%3D%27335%27%20fill-opacity%3D%220%22%2F%3E%3C%2Fsvg%3E\" data-orig-src=\"http:\/\/sea-sa.com.mx\/site\/wp-content\/uploads\/2015\/08\/abb-logo.jpg\" alt=\"abb-logo\" width=\"74\" height=\"35\" \/>Teach pendant ABB<br \/>\nConsola Controladora Port\u00e1til<\/strong><\/span><br \/>\n<img loading=\"lazy\" decoding=\"async\" class=\"lazyload aligncenter wp-image-1134 size-full\" src=\"data:image\/svg+xml,%3Csvg%20xmlns%3D%27http%3A%2F%2Fwww.w3.org%2F2000%2Fsvg%27%20width%3D%27332%27%20height%3D%27198%27%20viewBox%3D%270%200%20332%20198%27%3E%3Crect%20width%3D%27332%27%20height%3D%273198%27%20fill-opacity%3D%220%22%2F%3E%3C%2Fsvg%3E\" data-orig-src=\"http:\/\/sea-sa.com.mx\/site\/wp-content\/uploads\/2015\/08\/teach-pendant-abb-mexico.jpg\" alt=\"\" width=\"332\" height=\"198\" \/><\/p>\n<p>[\/vc_column_text][vc_column_text css=&#8221;.vc_custom_1438820834121{margin-top: 0px !important;margin-right: 30px !important;margin-bottom: 0px !important;margin-left: 30px !important;padding-top: 0px !important;padding-right: 30px !important;padding-bottom: 0px !important;padding-left: 30px !important;background-color: rgba(30,115,190,0.1) !important;*background-color: rgb(30,115,190) !important;}&#8221; css_animation=&#8221;bottom-to-top&#8221;]<\/p>\n<p style=\"text-align: center;\"><strong>Caracter\u00edsticas<\/strong><br \/>\nNo. de Serie: 0035-0148<br \/>\nNo. de Parte: 3HNE00313-1<br \/>\nMarca: ABB<br \/>\nPrecio: $ 2,900.00 US Dlls.<br \/>\n<a class=\"boton\" href=\"contacto-empresa-soldadura-equipos-antorchas\/?interes=Teach pendant ABB\">Solicite m\u00e1s Informaci\u00f3n, Click Aqu\u00ed<\/a><\/p>\n<p>[\/vc_column_text][\/vc_column][vc_column width=&#8221;1\/2&#8243;][vc_column_text]<\/p>\n<p style=\"text-align: center;\"><span style=\"font-family: Arial, Helvetica, sans-serif; font-size: large; color: #2a7db5;\"><strong><img loading=\"lazy\" decoding=\"async\" class=\"lazyload  size-full wp-image-1136 alignleft\" src=\"data:image\/svg+xml,%3Csvg%20xmlns%3D%27http%3A%2F%2Fwww.w3.org%2F2000%2Fsvg%27%20width%3D%2774%27%20height%3D%2735%27%20viewBox%3D%270%200%2074%2035%27%3E%3Crect%20width%3D%2774%27%20height%3D%27335%27%20fill-opacity%3D%220%22%2F%3E%3C%2Fsvg%3E\" data-orig-src=\"http:\/\/sea-sa.com.mx\/site\/wp-content\/uploads\/2015\/08\/fanuc-robotics-logo.jpg\" alt=\"fanuc-robotics-logo\" width=\"74\" height=\"35\" \/>Teach pendant FANUC<br \/>\nConsola Controladora Port\u00e1til<\/strong><\/span><br \/>\n<img loading=\"lazy\" decoding=\"async\" class=\"lazyload aligncenter wp-image-1135 size-full\" src=\"data:image\/svg+xml,%3Csvg%20xmlns%3D%27http%3A%2F%2Fwww.w3.org%2F2000%2Fsvg%27%20width%3D%27332%27%20height%3D%27198%27%20viewBox%3D%270%200%20332%20198%27%3E%3Crect%20width%3D%27332%27%20height%3D%273198%27%20fill-opacity%3D%220%22%2F%3E%3C%2Fsvg%3E\" data-orig-src=\"http:\/\/sea-sa.com.mx\/site\/wp-content\/uploads\/2015\/08\/teach-pendant-abb.jpg\" alt=\"\" width=\"332\" height=\"198\" \/><\/p>\n<p>[\/vc_column_text][vc_column_text css_animation=&#8221;bottom-to-top&#8221; css=&#8221;.vc_custom_1438820816149{margin-top: 0px !important;margin-right: 30px !important;margin-bottom: 0px !important;margin-left: 30px !important;padding-top: 0px !important;padding-right: 30px !important;padding-bottom: 0px !important;padding-left: 30px !important;background-color: rgba(30,115,190,0.1) !important;*background-color: rgb(30,115,190) !important;}&#8221;]<\/p>\n<p style=\"text-align: center;\"><strong>Caracter\u00edsticas<\/strong><br \/>\nNo. de Serie: PO1647<br \/>\nNo. de Parte: A05B-2301-C372<br \/>\nMarca: FANUC<br \/>\nPrecio: $ 1,900.00 US Dlls.<br \/>\n<a class=\"boton\" href=\"contacto-empresa-soldadura-equipos-antorchas\/?interes=Teach pendant FANUC\">Solicite m\u00e1s Informaci\u00f3n, Click Aqu\u00ed<\/a><\/p>\n<p>[\/vc_column_text][\/vc_column][\/vc_row][vc_row][vc_column width=&#8221;1\/2&#8243;][vc_column_text]<\/p>\n<p style=\"text-align: center;\"><span style=\"font-family: Arial, Helvetica, sans-serif; font-size: large; color: #2a7db5;\"><strong><img loading=\"lazy\" decoding=\"async\" class=\"lazyload  size-full wp-image-1137 alignleft\" src=\"data:image\/svg+xml,%3Csvg%20xmlns%3D%27http%3A%2F%2Fwww.w3.org%2F2000%2Fsvg%27%20width%3D%2774%27%20height%3D%2735%27%20viewBox%3D%270%200%2074%2035%27%3E%3Crect%20width%3D%2774%27%20height%3D%27335%27%20fill-opacity%3D%220%22%2F%3E%3C%2Fsvg%3E\" data-orig-src=\"http:\/\/sea-sa.com.mx\/site\/wp-content\/uploads\/2015\/08\/abb-logo.jpg\" alt=\"abb-logo\" width=\"74\" height=\"35\" \/>Teach pendant ABB<br \/>\nConsola Controladora Port\u00e1til<\/strong><\/span><br \/>\n<img loading=\"lazy\" decoding=\"async\" class=\"lazyload aligncenter wp-image-1134 size-full\" src=\"data:image\/svg+xml,%3Csvg%20xmlns%3D%27http%3A%2F%2Fwww.w3.org%2F2000%2Fsvg%27%20width%3D%27332%27%20height%3D%27198%27%20viewBox%3D%270%200%20332%20198%27%3E%3Crect%20width%3D%27332%27%20height%3D%273198%27%20fill-opacity%3D%220%22%2F%3E%3C%2Fsvg%3E\" data-orig-src=\"http:\/\/sea-sa.com.mx\/site\/wp-content\/uploads\/2015\/08\/teach-pendant-abb-mexico.jpg\" alt=\"\" width=\"332\" height=\"198\" \/><\/p>\n<p>[\/vc_column_text][vc_column_text css=&#8221;.vc_custom_1438820940937{margin-top: 0px !important;margin-right: 30px !important;margin-bottom: 0px !important;margin-left: 30px !important;padding-top: 0px !important;padding-right: 30px !important;padding-bottom: 0px !important;padding-left: 30px !important;background-color: rgba(30,115,190,0.1) !important;*background-color: rgb(30,115,190) !important;}&#8221; css_animation=&#8221;bottom-to-top&#8221;]<\/p>\n<p style=\"text-align: center;\"><strong>Caracter\u00edsticas<\/strong><br \/>\nNo. de Serie: 0035-0134<br \/>\nNo. de Parte: 3HNE00313-1<br \/>\nMarca: ABB<br \/>\nPrecio: $ 2,900.00 US Dlls.<br \/>\n<a class=\"boton\" href=\"contacto-empresa-soldadura-equipos-antorchas\/?interes=Teach pendant ABB\">Solicite m\u00e1s Informaci\u00f3n, Click Aqu\u00ed<\/a><\/p>\n<p>[\/vc_column_text][\/vc_column][vc_column width=&#8221;1\/2&#8243;][vc_column_text]<\/p>\n<p style=\"text-align: center;\"><span style=\"font-family: Arial, Helvetica, sans-serif; font-size: large; color: #2a7db5;\"><strong><img loading=\"lazy\" decoding=\"async\" class=\"lazyload  wp-image-1139 size-full alignleft\" src=\"data:image\/svg+xml,%3Csvg%20xmlns%3D%27http%3A%2F%2Fwww.w3.org%2F2000%2Fsvg%27%20width%3D%2788%27%20height%3D%2735%27%20viewBox%3D%270%200%2088%2035%27%3E%3Crect%20width%3D%2788%27%20height%3D%27335%27%20fill-opacity%3D%220%22%2F%3E%3C%2Fsvg%3E\" data-orig-src=\"http:\/\/sea-sa.com.mx\/site\/wp-content\/uploads\/2015\/08\/motoman-logo.jpg\" alt=\"\" width=\"88\" height=\"35\" \/>Servopack Motoman\u00a0Equipo Usado<\/strong><\/span><br \/>\n<img loading=\"lazy\" decoding=\"async\" class=\"lazyload aligncenter wp-image-1140 size-full\" src=\"data:image\/svg+xml,%3Csvg%20xmlns%3D%27http%3A%2F%2Fwww.w3.org%2F2000%2Fsvg%27%20width%3D%27420%27%20height%3D%27251%27%20viewBox%3D%270%200%20420%20251%27%3E%3Crect%20width%3D%27420%27%20height%3D%273251%27%20fill-opacity%3D%220%22%2F%3E%3C%2Fsvg%3E\" data-orig-src=\"http:\/\/sea-sa.com.mx\/site\/wp-content\/uploads\/2015\/08\/servopack-motoman.jpg\" alt=\"\" width=\"420\" height=\"251\" \/><\/p>\n<p>[\/vc_column_text][vc_column_text css_animation=&#8221;bottom-to-top&#8221; css=&#8221;.vc_custom_1438821494318{margin-top: 0px !important;margin-right: 30px !important;margin-bottom: 0px !important;margin-left: 30px !important;padding-top: 0px !important;padding-right: 30px !important;padding-bottom: 0px !important;padding-left: 30px !important;background-color: rgba(30,115,190,0.1) !important;*background-color: rgb(30,115,190) !important;}&#8221;]<\/p>\n<p style=\"text-align: center;\"><strong>Caracter\u00edsticas<\/strong><br \/>\nNo. de Serie: D0035A423810006<br \/>\nNo. de Parte: CACR-UP6AAC<br \/>\nMarca: MOTOMAN<br \/>\nPrecio: $ 3,995.00 US Dlls.<br \/>\n<a class=\"boton\" href=\"contacto-empresa-soldadura-equipos-antorchas\/?interes=Servopack Motoman\">Solicite m\u00e1s Informaci\u00f3n, Click Aqu\u00ed<\/a><\/p>\n<p>[\/vc_column_text][\/vc_column][\/vc_row][vc_row][vc_column width=&#8221;1\/2&#8243;][vc_column_text]<\/p>\n<p style=\"text-align: center;\"><span style=\"font-family: Arial, Helvetica, sans-serif; font-size: large; color: #2a7db5;\"><strong><img loading=\"lazy\" decoding=\"async\" class=\"lazyload  wp-image-1139 size-full alignleft\" src=\"data:image\/svg+xml,%3Csvg%20xmlns%3D%27http%3A%2F%2Fwww.w3.org%2F2000%2Fsvg%27%20width%3D%2788%27%20height%3D%2735%27%20viewBox%3D%270%200%2088%2035%27%3E%3Crect%20width%3D%2788%27%20height%3D%27335%27%20fill-opacity%3D%220%22%2F%3E%3C%2Fsvg%3E\" data-orig-src=\"http:\/\/sea-sa.com.mx\/site\/wp-content\/uploads\/2015\/08\/motoman-logo.jpg\" alt=\"\" width=\"88\" height=\"35\" \/>XRC Servo Controller<br \/>\nEquipo Usado<\/strong><\/span><br \/>\n<img loading=\"lazy\" decoding=\"async\" class=\"lazyload aligncenter wp-image-1144 size-full\" src=\"data:image\/svg+xml,%3Csvg%20xmlns%3D%27http%3A%2F%2Fwww.w3.org%2F2000%2Fsvg%27%20width%3D%27332%27%20height%3D%27198%27%20viewBox%3D%270%200%20332%20198%27%3E%3Crect%20width%3D%27332%27%20height%3D%273198%27%20fill-opacity%3D%220%22%2F%3E%3C%2Fsvg%3E\" data-orig-src=\"http:\/\/sea-sa.com.mx\/site\/wp-content\/uploads\/2015\/08\/xrc-servo-controller.jpg\" alt=\"\" width=\"332\" height=\"198\" \/><\/p>\n<p>[\/vc_column_text][vc_column_text css=&#8221;.vc_custom_1438823744588{margin-top: 0px !important;margin-right: 30px !important;margin-bottom: 0px !important;margin-left: 30px !important;padding-top: 0px !important;padding-right: 30px !important;padding-bottom: 0px !important;padding-left: 30px !important;background-color: rgba(30,115,190,0.1) !important;*background-color: rgb(30,115,190) !important;}&#8221; css_animation=&#8221;bottom-to-top&#8221;]<\/p>\n<p style=\"text-align: center;\"><strong>Caracter\u00edsticas<\/strong><br \/>\nNo. de Serie:X31-294<br \/>\nNo. de Parte: JZRCR-XSU02<br \/>\nMarca: MOTOMAN<br \/>\nPrecio: $ 2,000.00 US Dlls.<br \/>\n<a class=\"boton\" href=\"contacto-empresa-soldadura-equipos-antorchas\/?interes=MOTOMAN XRC SERVO CONTROLLER\">Solicite m\u00e1s Informaci\u00f3n, Click Aqu\u00ed<\/a><\/p>\n<p>[\/vc_column_text][\/vc_column][vc_column width=&#8221;1\/2&#8243;][vc_column_text]<\/p>\n<p style=\"text-align: center;\"><span style=\"font-family: Arial, Helvetica, sans-serif; font-size: large; color: #2a7db5;\"><strong><img loading=\"lazy\" decoding=\"async\" class=\"lazyload  wp-image-1139 size-full alignleft\" src=\"data:image\/svg+xml,%3Csvg%20xmlns%3D%27http%3A%2F%2Fwww.w3.org%2F2000%2Fsvg%27%20width%3D%2788%27%20height%3D%2735%27%20viewBox%3D%270%200%2088%2035%27%3E%3Crect%20width%3D%2788%27%20height%3D%27335%27%20fill-opacity%3D%220%22%2F%3E%3C%2Fsvg%3E\" data-orig-src=\"http:\/\/sea-sa.com.mx\/site\/wp-content\/uploads\/2015\/08\/motoman-logo.jpg\" alt=\"\" width=\"88\" height=\"35\" \/>Fuente de Poder<br \/>\nEquipo Usado<\/strong><\/span><br \/>\n<img loading=\"lazy\" decoding=\"async\" class=\"lazyload aligncenter wp-image-1145 size-full\" src=\"data:image\/svg+xml,%3Csvg%20xmlns%3D%27http%3A%2F%2Fwww.w3.org%2F2000%2Fsvg%27%20width%3D%27332%27%20height%3D%27198%27%20viewBox%3D%270%200%20332%20198%27%3E%3Crect%20width%3D%27332%27%20height%3D%273198%27%20fill-opacity%3D%220%22%2F%3E%3C%2Fsvg%3E\" data-orig-src=\"http:\/\/sea-sa.com.mx\/site\/wp-content\/uploads\/2015\/08\/fuente_de_poder.jpg\" alt=\"\" width=\"332\" height=\"198\" \/><\/p>\n<p>[\/vc_column_text][vc_column_text css_animation=&#8221;bottom-to-top&#8221; css=&#8221;.vc_custom_1438823854262{margin-top: 0px !important;margin-right: 30px !important;margin-bottom: 0px !important;margin-left: 30px !important;padding-top: 0px !important;padding-right: 30px !important;padding-bottom: 0px !important;padding-left: 30px !important;background-color: rgba(30,115,190,0.1) !important;*background-color: rgb(30,115,190) !important;}&#8221;]<\/p>\n<p style=\"text-align: center;\"><strong>Caracter\u00edsticas<\/strong><br \/>\nNo. de Serie: D0035A829610009<br \/>\nNo. de Parte: JZNC-XRK01D-1<br \/>\nMarca: MOTOMAN<br \/>\nPrecio: $ Precio Especial Cont\u00e1ctenos<br \/>\n<a class=\"boton\" href=\"contacto-empresa-soldadura-equipos-antorchas\/?interes=Fuente de Poder Motoman\">Solicite m\u00e1s Informaci\u00f3n, Click Aqu\u00ed<\/a><\/p>\n<p>[\/vc_column_text][\/vc_column][\/vc_row][vc_row][vc_column width=&#8221;1\/2&#8243;][vc_column_text]<\/p>\n<p style=\"text-align: center;\"><span style=\"font-family: Arial, Helvetica, sans-serif; font-size: large; color: #2a7db5;\"><strong><img loading=\"lazy\" decoding=\"async\" class=\"lazyload  wp-image-1147 size-full alignleft\" src=\"data:image\/svg+xml,%3Csvg%20xmlns%3D%27http%3A%2F%2Fwww.w3.org%2F2000%2Fsvg%27%20width%3D%2788%27%20height%3D%2735%27%20viewBox%3D%270%200%2088%2035%27%3E%3Crect%20width%3D%2788%27%20height%3D%27335%27%20fill-opacity%3D%220%22%2F%3E%3C%2Fsvg%3E\" data-orig-src=\"http:\/\/sea-sa.com.mx\/site\/wp-content\/uploads\/2015\/08\/panasonic-logo.jpg\" alt=\"\" width=\"88\" height=\"35\" \/>Tarjeta de I\/O y Control de Robot<br \/>\nEquipo Usado<\/strong><\/span><br \/>\n<img loading=\"lazy\" decoding=\"async\" class=\"lazyload aligncenter wp-image-1148 size-full\" src=\"data:image\/svg+xml,%3Csvg%20xmlns%3D%27http%3A%2F%2Fwww.w3.org%2F2000%2Fsvg%27%20width%3D%27332%27%20height%3D%27198%27%20viewBox%3D%270%200%20332%20198%27%3E%3Crect%20width%3D%27332%27%20height%3D%273198%27%20fill-opacity%3D%220%22%2F%3E%3C%2Fsvg%3E\" data-orig-src=\"http:\/\/sea-sa.com.mx\/site\/wp-content\/uploads\/2015\/08\/tarjeta-control_robot_panasonic.jpg\" alt=\"\" width=\"332\" height=\"198\" \/><\/p>\n<p>[\/vc_column_text][vc_column_text css=&#8221;.vc_custom_1438824936096{margin-top: 0px !important;margin-right: 30px !important;margin-bottom: 0px !important;margin-left: 30px !important;padding-top: 0px !important;padding-right: 30px !important;padding-bottom: 0px !important;padding-left: 30px !important;background-color: rgba(30,115,190,0.1) !important;*background-color: rgb(30,115,190) !important;}&#8221; css_animation=&#8221;bottom-to-top&#8221;]<\/p>\n<p style=\"text-align: center;\"><strong>Caracter\u00edsticas<\/strong><br \/>\nNo. de Serie: 97E5397<br \/>\nNo. de Parte: ZUEP5352<br \/>\nMarca: PANASONIC<br \/>\nPrecio: $ 2,600.00 US Dlls.<br \/>\n<a class=\"boton\" href=\"contacto-empresa-soldadura-equipos-antorchas\/?interes=Tarjeta de I\/O y Control de Robot\">Solicite m\u00e1s Informaci\u00f3n, Click Aqu\u00ed<\/a><\/p>\n<p>[\/vc_column_text][\/vc_column][vc_column width=&#8221;1\/2&#8243;][vc_column_text]<\/p>\n<p style=\"text-align: center;\"><span style=\"font-family: Arial, Helvetica, sans-serif; font-size: large; color: #2a7db5;\"><strong><img loading=\"lazy\" decoding=\"async\" class=\"lazyload alignleft wp-image-1147 size-full\" src=\"data:image\/svg+xml,%3Csvg%20xmlns%3D%27http%3A%2F%2Fwww.w3.org%2F2000%2Fsvg%27%20width%3D%2788%27%20height%3D%2735%27%20viewBox%3D%270%200%2088%2035%27%3E%3Crect%20width%3D%2788%27%20height%3D%27335%27%20fill-opacity%3D%220%22%2F%3E%3C%2Fsvg%3E\" data-orig-src=\"http:\/\/sea-sa.com.mx\/site\/wp-content\/uploads\/2015\/08\/panasonic-logo.jpg\" alt=\"\" width=\"88\" height=\"35\" \/>Tarjeta para controlador<br \/>\nEquipo Usado<\/strong><\/span><br \/>\n<img loading=\"lazy\" decoding=\"async\" class=\"lazyload aligncenter wp-image-1149 size-full\" src=\"data:image\/svg+xml,%3Csvg%20xmlns%3D%27http%3A%2F%2Fwww.w3.org%2F2000%2Fsvg%27%20width%3D%27332%27%20height%3D%27198%27%20viewBox%3D%270%200%20332%20198%27%3E%3Crect%20width%3D%27332%27%20height%3D%273198%27%20fill-opacity%3D%220%22%2F%3E%3C%2Fsvg%3E\" data-orig-src=\"http:\/\/sea-sa.com.mx\/site\/wp-content\/uploads\/2015\/08\/tarjeta-para-controlador-robotico.jpg\" alt=\"\" width=\"332\" height=\"198\" \/><\/p>\n<p>[\/vc_column_text][vc_column_text css_animation=&#8221;bottom-to-top&#8221; css=&#8221;.vc_custom_1438825130101{margin-top: 0px !important;margin-right: 30px !important;margin-bottom: 0px !important;margin-left: 30px !important;padding-top: 0px !important;padding-right: 30px !important;padding-bottom: 0px !important;padding-left: 30px !important;background-color: rgba(30,115,190,0.1) !important;*background-color: rgb(30,115,190) !important;}&#8221;]<\/p>\n<p style=\"text-align: center;\"><strong>Caracter\u00edsticas<\/strong><br \/>\nNo. de Serie: 97Y0077<br \/>\nNo. de Parte: ZUEP5412<br \/>\nMarca: PANASONIC<br \/>\nPrecio: $ 1,600.00 US Dlls.<br \/>\n<a class=\"boton\" href=\"contacto-empresa-soldadura-equipos-antorchas\/?interes=Tarjeta para controlador Panasonic\">Solicite m\u00e1s Informaci\u00f3n, Click Aqu\u00ed<\/a><\/p>\n<p>[\/vc_column_text][\/vc_column][\/vc_row][vc_row][vc_column width=&#8221;1\/1&#8243;][vc_column_text][separator style_type=&#8221;double&#8221; top_margin=&#8221;0&#8243; bottom_margin=&#8221;0&#8243; sep_color=&#8221;#d6d6d6&#8243; icon=&#8221;&#8221; width=&#8221;&#8221; class=&#8221;&#8221; id=&#8221;&#8221;][\/vc_column_text][\/vc_column][\/vc_row][vc_row][vc_column width=&#8221;1\/1&#8243;][vc_column_text]<\/p>\n<p style=\"text-align: center;\"><img class=\"lazyload\" loading=\"lazy\" decoding=\"async\" src=\"data:image\/svg+xml,%3Csvg%20xmlns%3D%27http%3A%2F%2Fwww.w3.org%2F2000%2Fsvg%27%20width%3D%2714%27%20height%3D%2719%27%20viewBox%3D%270%200%2014%2019%27%3E%3Crect%20width%3D%2714%27%20height%3D%27319%27%20fill-opacity%3D%220%22%2F%3E%3C%2Fsvg%3E\" data-orig-src=\"http:\/\/www.sea-sa.com.mx\/images\/click_aqui.jpg\" alt=\"\" width=\"14\" height=\"19\" align=\"absmiddle\" \/><span class=\"texto\"><strong>Cont\u00e1ctenos, con gusto estaremos respondiendo a sus dudas o comentarios. <span class=\"texto\"><a title=\"Click Aqu\u00ed\" href=\"http:\/\/sea-sa.com.mx\/site\/contacto-empresa-soldadura-equipos-antorchas\/?interes=Contacto desde Venta de Robots\">Click Aqu\u00ed.<\/a><\/span><\/strong><\/span><\/p>\n<p>[\/vc_column_text][\/vc_column][\/vc_row][vc_row][vc_column width=&#8221;1\/1&#8243;][vc_column_text][separator style_type=&#8221;double&#8221; top_margin=&#8221;0&#8243; bottom_margin=&#8221;0&#8243; sep_color=&#8221;#d6d6d6&#8243; icon=&#8221;&#8221; width=&#8221;&#8221; class=&#8221;&#8221; id=&#8221;&#8221;][\/vc_column_text][\/vc_column][\/vc_row][vc_row css=&#8221;.vc_custom_1424548365369{background-color: #f4f4f4 !important;}&#8221;][vc_column width=&#8221;1\/3&#8243;][vc_column_text]<\/p>\n<p style=\"text-align: center;\">S\u00edguenos, haz click:<\/p>\n<p>[\/vc_column_text][\/vc_column][vc_column width=&#8221;1\/6&#8243;][vc_column_text]<\/p>\n<div class=\"fb-like\" style=\"text-align: center;\" data-href=\"https:\/\/www.facebook.com\/seasamx\" data-layout=\"button_count\"><\/div>\n<p>[\/vc_column_text][\/vc_column][vc_column width=&#8221;1\/12&#8243;][vc_column_text]<\/p>\n<div class=\"g-ytsubscribe\" style=\"text-align: center;\" data-channel=\"seasacommx\"><\/div>\n<p>[\/vc_column_text][\/vc_column][vc_column width=&#8221;1\/3&#8243;][\/vc_column][\/vc_row][vc_row][vc_column width=&#8221;1\/1&#8243;][vc_column_text][sharing tagline=&#8221;COMPARTE ESTA PAGINA CON TUS AMIGOS, ESCOGE TU RED SOCIAL!&#8221; tagline_color=&#8221;#ffffff&#8221; title=&#8221;&#8221; link=&#8221;http:\/\/sea-sa.com.mx\/site\/venta-equipo-partes-robots-celdas-soldadura-consolas-servopack-mexico\/&#8221; description=&#8221;&#8221; pinterest_image=&#8221;&#8221; icons_boxed=&#8221;yes&#8221; icons_boxed_radius=&#8221;4px&#8221; box_colors=&#8221;#ffffff&#8221; icon_colors=&#8221;#02327c&#8221; tooltip_placement=&#8221;&#8221; backgroundcolor=&#8221;#02327c&#8221; class=&#8221;&#8221; id=&#8221;&#8221;][\/sharing][\/vc_column_text][\/vc_column][\/vc_row]<\/p>\n","protected":false},"excerpt":{"rendered":"<p>[vc_row][vc_column width=&#8221;1\/1&#8243;][vc_column_text][title class=&#8221;titulos&#8221; size=&#8221;3&#8243;]WELDING ROBOTS USED PARTS.[\/title][\/vc_column_text][\/vc_column][\/vc_row][vc_row][vc_column width=&#8221;1\/1&#8243;][vc_column_text] Motoman MRc [&hellip;]<\/p>\n","protected":false},"author":1,"featured_media":0,"parent":0,"menu_order":0,"comment_status":"closed","ping_status":"closed","template":"","meta":{"ngg_post_thumbnail":0,"footnotes":""},"class_list":["post-1131","page","type-page","status-publish","hentry"],"aioseo_notices":[],"_links":{"self":[{"href":"https:\/\/sea-sa.com.mx\/site\/wp-json\/wp\/v2\/pages\/1131","targetHints":{"allow":["GET"]}}],"collection":[{"href":"https:\/\/sea-sa.com.mx\/site\/wp-json\/wp\/v2\/pages"}],"about":[{"href":"https:\/\/sea-sa.com.mx\/site\/wp-json\/wp\/v2\/types\/page"}],"author":[{"embeddable":true,"href":"https:\/\/sea-sa.com.mx\/site\/wp-json\/wp\/v2\/users\/1"}],"replies":[{"embeddable":true,"href":"https:\/\/sea-sa.com.mx\/site\/wp-json\/wp\/v2\/comments?post=1131"}],"version-history":[{"count":1,"href":"https:\/\/sea-sa.com.mx\/site\/wp-json\/wp\/v2\/pages\/1131\/revisions"}],"predecessor-version":[{"id":4634,"href":"https:\/\/sea-sa.com.mx\/site\/wp-json\/wp\/v2\/pages\/1131\/revisions\/4634"}],"wp:attachment":[{"href":"https:\/\/sea-sa.com.mx\/site\/wp-json\/wp\/v2\/media?parent=1131"}],"curies":[{"name":"wp","href":"https:\/\/api.w.org\/{rel}","templated":true}]}}